CRAN Package Check Results for Package ggspectra

Last updated on 2021-01-23 06:48:15 CET.

Flavor Version Tinstall Tcheck Ttotal Status Flags
r-devel-linux-x86_64-debian-clang 0.3.7 13.27 245.93 259.20 OK
r-devel-linux-x86_64-debian-gcc 0.3.7 9.74 175.32 185.06 OK
r-devel-linux-x86_64-fedora-clang 0.3.7 295.09 NOTE
r-devel-linux-x86_64-fedora-gcc 0.3.7 289.95 NOTE
r-devel-windows-ix86+x86_64 0.3.7 27.00 276.00 303.00 OK
r-patched-linux-x86_64 0.3.7 12.64 223.84 236.48 OK
r-patched-solaris-x86 0.3.7 363.50 NOTE
r-release-linux-x86_64 0.3.7 11.51 223.33 234.84 OK
r-release-macos-x86_64 0.3.7 NOTE
r-release-windows-ix86+x86_64 0.3.7 45.00 320.00 365.00 OK
r-oldrel-macos-x86_64 0.3.7 NOTE
r-oldrel-windows-ix86+x86_64 0.3.7 17.00 241.00 258.00 OK

Check Details

Version: 0.3.7
Check: dependencies in R code
Result: NOTE
    Namespaces in Imports field not imported from:
     ‘dplyr’ ‘tibble’
     All declared Imports should be used.
Flavors: r-devel-linux-x86_64-fedora-clang, r-devel-linux-x86_64-fedora-gcc, r-patched-solaris-x86, r-release-macos-x86_64, r-oldrel-macos-x86_64