CRAN Package Check Results for Package ggstance

Last updated on 2019-08-19 13:46:51 CEST.

Flavor Version Tinstall Tcheck Ttotal Status Flags
r-devel-linux-x86_64-debian-clang 0.3.2 5.67 70.56 76.23 ERROR
r-devel-linux-x86_64-debian-gcc 0.3.2 4.75 53.87 58.62 ERROR
r-devel-linux-x86_64-fedora-clang 0.3.2 87.95 ERROR
r-devel-linux-x86_64-fedora-gcc 0.3.2 87.81 ERROR
r-devel-windows-ix86+x86_64 0.3.2 23.00 140.00 163.00 ERROR
r-patched-linux-x86_64 0.3.2 5.52 67.59 73.11 ERROR
r-patched-solaris-x86 0.3.2 110.00 ERROR
r-release-linux-x86_64 0.3.2 6.09 68.19 74.28 ERROR
r-release-windows-ix86+x86_64 0.3.2 13.00 84.00 97.00 ERROR
r-release-osx-x86_64 0.3.2 OK
r-oldrel-windows-ix86+x86_64 0.3.2 15.00 85.00 100.00 ERROR
r-oldrel-osx-x86_64 0.3.2 OK

Check Details

Version: 0.3.2
Check: tests
Result: ERROR
     Running 'testthat.R' [28s/33s]
    Running the tests in 'tests/testthat.R' failed.
    Complete output:
     > .libPaths()
     [1] "/home/hornik/tmp/R.check/r-devel-clang/Work/build/Packages"
     [2] "/home/hornik/tmp/R.check/r-devel-clang/Work/build/library"
     > library("testthat")
     > library("ggstance")
     >
     > test_check("ggstance")
     -- 1. Failure: position_stackv() supports `hjust` argument (@test-positions.R#37
     `h_data` not identical to `v_data`.
     Component 1: Component 4: 4 string mismatches
     Component 1: Component 5: Mean relative difference: 0.6666667
     Component 1: Component 8: Mean relative difference: 0.8888889
     Component 1: Component 9: Mean relative difference: 0.8888889
     Component 1: Component 10: Mean relative difference: 2
     Component 1: Component 11: Mean relative difference: 0.6666667
     Component 1: Component 12: Mean relative difference: 0.5128205
     Component 1: Component 13: Mean relative difference: 0.952381
     Component 2: Component 7: Mean relative difference: 0.6666667
     ...
    
     == testthat results ===========================================================
     [ OK: 29 | SKIPPED: 30 | WARNINGS: 0 | FAILED: 1 ]
     1. Failure: position_stackv() supports `hjust` argument (@test-positions.R#37)
    
     Error: testthat unit tests failed
     Execution halted
Flavor: r-devel-linux-x86_64-debian-clang

Version: 0.3.2
Check: tests
Result: ERROR
     Running ‘testthat.R’ [21s/27s]
    Running the tests in ‘tests/testthat.R’ failed.
    Complete output:
     > .libPaths()
     [1] "/home/hornik/tmp/R.check/r-devel-gcc/Work/build/Packages"
     [2] "/home/hornik/tmp/R.check/r-devel-gcc/Work/build/library"
     > library("testthat")
     > library("ggstance")
     >
     > test_check("ggstance")
     ── 1. Failure: position_stackv() supports `hjust` argument (@test-positions.R#37
     `h_data` not identical to `v_data`.
     Component 1: Component 4: 4 string mismatches
     Component 1: Component 5: Mean relative difference: 0.6666667
     Component 1: Component 8: Mean relative difference: 0.8888889
     Component 1: Component 9: Mean relative difference: 0.8888889
     Component 1: Component 10: Mean relative difference: 2
     Component 1: Component 11: Mean relative difference: 0.6666667
     Component 1: Component 12: Mean relative difference: 0.5128205
     Component 1: Component 13: Mean relative difference: 0.952381
     Component 2: Component 7: Mean relative difference: 0.6666667
     ...
    
     ══ testthat results ═══════════════════════════════════════════════════════════
     [ OK: 29 | SKIPPED: 30 | WARNINGS: 0 | FAILED: 1 ]
     1. Failure: position_stackv() supports `hjust` argument (@test-positions.R#37)
    
     Error: testthat unit tests failed
     Execution halted
Flavor: r-devel-linux-x86_64-debian-gcc

Version: 0.3.2
Check: tests
Result: ERROR
     Running ‘testthat.R’ [30s/35s]
    Running the tests in ‘tests/testthat.R’ failed.
    Complete output:
     > .libPaths()
     [1] "/data/gannet/ripley/R/packages/tests-clang/ggstance.Rcheck"
     [2] "/data/gannet/ripley/R/test-clang"
     [3] "/data/gannet/ripley/R/R-clang/library"
     > library("testthat")
     > library("ggstance")
     >
     > test_check("ggstance")
     ── 1. Failure: position_stackv() supports `hjust` argument (@test-positions.R#37
     `h_data` not identical to `v_data`.
     Component 1: Component 4: 4 string mismatches
     Component 1: Component 5: Mean relative difference: 0.6666667
     Component 1: Component 8: Mean relative difference: 0.8888889
     Component 1: Component 9: Mean relative difference: 0.8888889
     Component 1: Component 10: Mean relative difference: 2
     Component 1: Component 11: Mean relative difference: 0.6666667
     Component 1: Component 12: Mean relative difference: 0.5128205
     Component 1: Component 13: Mean relative difference: 0.952381
     Component 2: Component 7: Mean relative difference: 0.6666667
     ...
    
     ══ testthat results ═══════════════════════════════════════════════════════════
     [ OK: 29 | SKIPPED: 30 | WARNINGS: 0 | FAILED: 1 ]
     1. Failure: position_stackv() supports `hjust` argument (@test-positions.R#37)
    
     Error: testthat unit tests failed
     Execution halted
Flavor: r-devel-linux-x86_64-fedora-clang

Version: 0.3.2
Check: tests
Result: ERROR
     Running ‘testthat.R’ [32s/65s]
    Running the tests in ‘tests/testthat.R’ failed.
    Complete output:
     > .libPaths()
     [1] "/data/gannet/ripley/R/packages/tests-devel/ggstance.Rcheck"
     [2] "/data/gannet/ripley/R/test-3.7"
     [3] "/data/gannet/ripley/R/R-devel/library"
     > library("testthat")
     > library("ggstance")
     >
     > test_check("ggstance")
     ── 1. Failure: position_stackv() supports `hjust` argument (@test-positions.R#37
     `h_data` not identical to `v_data`.
     Component 1: Component 4: 4 string mismatches
     Component 1: Component 5: Mean relative difference: 0.6666667
     Component 1: Component 8: Mean relative difference: 0.8888889
     Component 1: Component 9: Mean relative difference: 0.8888889
     Component 1: Component 10: Mean relative difference: 2
     Component 1: Component 11: Mean relative difference: 0.6666667
     Component 1: Component 12: Mean relative difference: 0.5128205
     Component 1: Component 13: Mean relative difference: 0.952381
     Component 2: Component 7: Mean relative difference: 0.6666667
     ...
    
     ══ testthat results ═══════════════════════════════════════════════════════════
     [ OK: 29 | SKIPPED: 30 | WARNINGS: 0 | FAILED: 1 ]
     1. Failure: position_stackv() supports `hjust` argument (@test-positions.R#37)
    
     Error: testthat unit tests failed
     Execution halted
Flavor: r-devel-linux-x86_64-fedora-gcc

Version: 0.3.2
Check: tests
Result: ERROR
     Running 'testthat.R' [45s]
    Running the tests in 'tests/testthat.R' failed.
    Complete output:
     > .libPaths()
     [1] "D:/temp/Rtmp2xJ86f/RLIBS_f77479c3dcf"
     [2] "D:/RCompile/recent/R/library"
     > library("testthat")
     > library("ggstance")
     >
     > test_check("ggstance")
     -- 1. Failure: position_stackv() supports `hjust` argument (@test-positions.R#37
     `h_data` not identical to `v_data`.
     Component 1: Component 4: 4 string mismatches
     Component 1: Component 5: Mean relative difference: 0.6666667
     Component 1: Component 8: Mean relative difference: 0.8888889
     Component 1: Component 9: Mean relative difference: 0.8888889
     Component 1: Component 10: Mean relative difference: 2
     Component 1: Component 11: Mean relative difference: 0.6666667
     Component 1: Component 12: Mean relative difference: 0.5128205
     Component 1: Component 13: Mean relative difference: 0.952381
     Component 2: Component 7: Mean relative difference: 0.6666667
     ...
    
     == testthat results ===========================================================
     [ OK: 27 | SKIPPED: 28 | WARNINGS: 0 | FAILED: 1 ]
     1. Failure: position_stackv() supports `hjust` argument (@test-positions.R#37)
    
     Error: testthat unit tests failed
     Execution halted
Flavor: r-devel-windows-ix86+x86_64

Version: 0.3.2
Check: tests
Result: ERROR
     Running ‘testthat.R’ [27s/29s]
    Running the tests in ‘tests/testthat.R’ failed.
    Complete output:
     > .libPaths()
     [1] "/home/hornik/tmp/R.check/r-patched-gcc/Work/build/Packages"
     [2] "/home/hornik/tmp/R.check/r-patched-gcc/Work/build/library"
     > library("testthat")
     > library("ggstance")
     >
     > test_check("ggstance")
     ── 1. Failure: position_stackv() supports `hjust` argument (@test-positions.R#37
     `h_data` not identical to `v_data`.
     Component 1: Component 4: 4 string mismatches
     Component 1: Component 5: Mean relative difference: 0.6666667
     Component 1: Component 8: Mean relative difference: 0.8888889
     Component 1: Component 9: Mean relative difference: 0.8888889
     Component 1: Component 10: Mean relative difference: 2
     Component 1: Component 11: Mean relative difference: 0.6666667
     Component 1: Component 12: Mean relative difference: 0.5128205
     Component 1: Component 13: Mean relative difference: 0.952381
     Component 2: Component 7: Mean relative difference: 0.6666667
     ...
    
     ══ testthat results ═══════════════════════════════════════════════════════════
     [ OK: 29 | SKIPPED: 30 | WARNINGS: 0 | FAILED: 1 ]
     1. Failure: position_stackv() supports `hjust` argument (@test-positions.R#37)
    
     Error: testthat unit tests failed
     Execution halted
Flavor: r-patched-linux-x86_64

Version: 0.3.2
Check: tests
Result: ERROR
     Running ‘testthat.R’ [37s/38s]
    Running the tests in ‘tests/testthat.R’ failed.
    Complete output:
     > .libPaths()
     [1] "/tmp/Rtmp9YaizF/RLIBS_3ec97b87a5b" "/home/ripley/R/cc/library"
     > library("testthat")
     > library("ggstance")
     >
     > test_check("ggstance")
     ── 1. Failure: position_stackv() supports `hjust` argument (@test-positions.R#37
     `h_data` not identical to `v_data`.
     Component 1: Component 4: 4 string mismatches
     Component 1: Component 5: Mean relative difference: 0.6666667
     Component 1: Component 8: Mean relative difference: 0.8888889
     Component 1: Component 9: Mean relative difference: 0.8888889
     Component 1: Component 10: Mean relative difference: 2
     Component 1: Component 11: Mean relative difference: 0.6666667
     Component 1: Component 12: Mean relative difference: 0.5128205
     Component 1: Component 13: Mean relative difference: 0.952381
     Component 2: Component 7: Mean relative difference: 0.6666667
     ...
    
     ══ testthat results ═══════════════════════════════════════════════════════════
     [ OK: 29 | SKIPPED: 30 | WARNINGS: 0 | FAILED: 1 ]
     1. Failure: position_stackv() supports `hjust` argument (@test-positions.R#37)
    
     Error: testthat unit tests failed
     Execution halted
Flavor: r-patched-solaris-x86

Version: 0.3.2
Check: tests
Result: ERROR
     Running ‘testthat.R’ [27s/29s]
    Running the tests in ‘tests/testthat.R’ failed.
    Complete output:
     > .libPaths()
     [1] "/home/hornik/tmp/R.check/r-release-gcc/Work/build/Packages"
     [2] "/home/hornik/tmp/R.check/r-release-gcc/Work/build/library"
     > library("testthat")
     > library("ggstance")
     >
     > test_check("ggstance")
     ── 1. Failure: position_stackv() supports `hjust` argument (@test-positions.R#37
     `h_data` not identical to `v_data`.
     Component 1: Component 4: 4 string mismatches
     Component 1: Component 5: Mean relative difference: 0.6666667
     Component 1: Component 8: Mean relative difference: 0.8888889
     Component 1: Component 9: Mean relative difference: 0.8888889
     Component 1: Component 10: Mean relative difference: 2
     Component 1: Component 11: Mean relative difference: 0.6666667
     Component 1: Component 12: Mean relative difference: 0.5128205
     Component 1: Component 13: Mean relative difference: 0.952381
     Component 2: Component 7: Mean relative difference: 0.6666667
     ...
    
     ══ testthat results ═══════════════════════════════════════════════════════════
     [ OK: 29 | SKIPPED: 30 | WARNINGS: 0 | FAILED: 1 ]
     1. Failure: position_stackv() supports `hjust` argument (@test-positions.R#37)
    
     Error: testthat unit tests failed
     Execution halted
Flavor: r-release-linux-x86_64

Version: 0.3.2
Check: tests
Result: ERROR
     Running 'testthat.R' [28s]
    Running the tests in 'tests/testthat.R' failed.
    Complete output:
     > .libPaths()
     [1] "D:/temp/RtmpOMw2Hb/RLIBS_23ef438c078cc"
     [2] "D:/RCompile/recent/R-3.6.1/library"
     > library("testthat")
     > library("ggstance")
     >
     > test_check("ggstance")
     -- 1. Failure: position_stackv() supports `hjust` argument (@test-positions.R#37
     `h_data` not identical to `v_data`.
     Component 1: Component 4: 4 string mismatches
     Component 1: Component 5: Mean relative difference: 0.6666667
     Component 1: Component 8: Mean relative difference: 0.8888889
     Component 1: Component 9: Mean relative difference: 0.8888889
     Component 1: Component 10: Mean relative difference: 2
     Component 1: Component 11: Mean relative difference: 0.6666667
     Component 1: Component 12: Mean relative difference: 0.5128205
     Component 1: Component 13: Mean relative difference: 0.952381
     Component 2: Component 7: Mean relative difference: 0.6666667
     ...
    
     == testthat results ===========================================================
     [ OK: 27 | SKIPPED: 28 | WARNINGS: 0 | FAILED: 1 ]
     1. Failure: position_stackv() supports `hjust` argument (@test-positions.R#37)
    
     Error: testthat unit tests failed
     Execution halted
Flavor: r-release-windows-ix86+x86_64

Version: 0.3.2
Check: whether package can be installed
Result: WARN
    Found the following significant warnings:
     Warning: S3 methods '+.glue', '[.glue', '[[.glue', 'as.character.glue', 'as_glue.character', 'as_glue.default', 'as_glue.glue', 'print.glue' were declared in NAMESPACE but not found
Flavor: r-oldrel-windows-ix86+x86_64

Version: 0.3.2
Check: tests
Result: ERROR
     Running 'testthat.R' [29s]
    Running the tests in 'tests/testthat.R' failed.
    Complete output:
     > .libPaths()
     [1] "D:/temp/RtmpaigYri/RLIBS_1d1886511804"
     [2] "D:/RCompile/recent/R-3.5.3/library"
     > library("testthat")
     > library("ggstance")
     >
     > test_check("ggstance")
     -- 1. Failure: position_stackv() supports `hjust` argument (@test-positions.R#37
     `h_data` not identical to `v_data`.
     Component 1: Component 4: 4 string mismatches
     Component 1: Component 5: Mean relative difference: 0.6666667
     Component 1: Component 8: Mean relative difference: 0.8888889
     Component 1: Component 9: Mean relative difference: 0.8888889
     Component 1: Component 10: Mean relative difference: 2
     Component 1: Component 11: Mean relative difference: 0.6666667
     Component 1: Component 12: Mean relative difference: 0.5128205
     Component 1: Component 13: Mean relative difference: 0.952381
     Component 2: Component 7: Mean relative difference: 0.6666667
     ...
    
     == testthat results ===========================================================
     [ OK: 27 | SKIPPED: 28 | WARNINGS: 0 | FAILED: 1 ]
     1. Failure: position_stackv() supports `hjust` argument (@test-positions.R#37)
    
     Error: testthat unit tests failed
     Execution halted
Flavor: r-oldrel-windows-ix86+x86_64