Last updated on 2021-04-11 06:47:00 CEST.
Flavor | Version | Tinstall | Tcheck | Ttotal | Status | Flags |
---|---|---|---|---|---|---|
r-devel-linux-x86_64-debian-clang | 3.3.0 | 16.97 | 139.50 | 156.47 | OK | |
r-devel-linux-x86_64-debian-gcc | 3.3.0 | 14.39 | 99.39 | 113.78 | OK | |
r-devel-linux-x86_64-fedora-clang | 3.3.0 | 188.27 | NOTE | |||
r-devel-linux-x86_64-fedora-gcc | 3.3.0 | 174.08 | NOTE | |||
r-devel-windows-ix86+x86_64 | 3.3.0 | 21.00 | 128.00 | 149.00 | OK | |
r-devel-windows-x86_64-gcc10-UCRT | 3.3.0 | NOTE | ||||
r-patched-linux-x86_64 | 3.3.0 | 15.40 | 125.25 | 140.65 | OK | |
r-patched-solaris-x86 | 3.3.0 | 230.10 | NOTE | |||
r-release-linux-x86_64 | 3.3.0 | 15.25 | 126.44 | 141.69 | OK | |
r-release-macos-x86_64 | 3.3.0 | NOTE | ||||
r-release-windows-ix86+x86_64 | 3.3.0 | 24.00 | 169.00 | 193.00 | OK | |
r-oldrel-macos-x86_64 | 3.3.0 | NOTE | ||||
r-oldrel-windows-ix86+x86_64 | 3.3.0 | 28.00 | 121.00 | 149.00 | OK |
Version: 3.3.0
Check: dependencies in R code
Result: NOTE
Namespace in Imports field not imported from: ‘hexbin’
All declared Imports should be used.
Flavors: r-devel-linux-x86_64-fedora-clang, r-devel-linux-x86_64-fedora-gcc, r-devel-windows-x86_64-gcc10-UCRT, r-patched-solaris-x86, r-release-macos-x86_64, r-oldrel-macos-x86_64
Version: 3.3.0
Check: Rd cross-references
Result: NOTE
Undeclared package ‘chemometrics’ in Rd xrefs
Flavor: r-devel-linux-x86_64-fedora-clang