CRAN Package Check Results for Package gifski

Last updated on 2021-02-25 06:47:02 CET.

Flavor Version Tinstall Tcheck Ttotal Status Flags
r-devel-linux-x86_64-debian-clang 0.8.6 193.49 21.52 215.01 OK
r-devel-linux-x86_64-debian-gcc 0.8.6 141.51 17.16 158.67 OK
r-devel-linux-x86_64-fedora-clang 0.8.6 303.21 NOTE
r-devel-linux-x86_64-fedora-gcc 0.8.6 291.89 NOTE
r-devel-windows-ix86+x86_64 0.8.6 11.00 46.00 57.00 OK
r-patched-linux-x86_64 0.8.6 195.83 21.22 217.05 OK
r-release-linux-x86_64 0.8.6 197.20 21.28 218.48 OK
r-release-macos-x86_64 0.8.6 NOTE
r-release-windows-ix86+x86_64 0.8.6 19.00 60.00 79.00 OK
r-oldrel-macos-x86_64 0.8.6 NOTE
r-oldrel-windows-ix86+x86_64 0.8.6 7.00 50.00 57.00 OK

Check Details

Version: 0.8.6
Check: top-level files
Result: NOTE
    ‘configure’: ‘env bash’ is not portable as bash need not be installed
Flavors: r-devel-linux-x86_64-fedora-clang, r-devel-linux-x86_64-fedora-gcc

Version: 0.8.6
Check: installed package size
Result: NOTE
     installed size is 5.3Mb
     sub-directories of 1Mb or more:
     libs 5.2Mb
Flavors: r-release-macos-x86_64, r-oldrel-macos-x86_64