CRAN Package Check Results for Package git2r

Last updated on 2019-09-19 11:46:57 CEST.

Flavor Version Tinstall Tcheck Ttotal Status Flags
r-devel-linux-x86_64-debian-clang 0.26.1 14.87 52.34 67.21 OK
r-devel-linux-x86_64-debian-gcc 0.26.1 10.37 41.86 52.23 OK
r-devel-linux-x86_64-fedora-clang 0.26.1 87.65 OK
r-devel-linux-x86_64-fedora-gcc 0.26.1 83.90 OK
r-devel-windows-ix86+x86_64 0.26.1 123.00 195.00 318.00 NOTE
r-patched-linux-x86_64 0.26.1 11.65 52.84 64.49 OK
r-patched-solaris-x86 0.26.1 276.90 OK
r-release-linux-x86_64 0.26.1 12.07 52.91 64.98 OK
r-release-windows-ix86+x86_64 0.26.1 77.00 393.00 470.00 NOTE
r-release-osx-x86_64 0.26.1 OK
r-oldrel-windows-ix86+x86_64 0.26.1 68.00 200.00 268.00 NOTE
r-oldrel-osx-x86_64 0.26.1 OK

Check Details

Version: 0.26.1
Check: installed package size
Result: NOTE
     installed size is 6.3Mb
     sub-directories of 1Mb or more:
     libs 5.8Mb
Flavors: r-devel-windows-ix86+x86_64, r-release-windows-ix86+x86_64, r-oldrel-windows-ix86+x86_64