CRAN Package Check Results for Package git2r

Last updated on 2020-02-21 13:47:37 CET.

Flavor Version Tinstall Tcheck Ttotal Status Flags
r-devel-linux-x86_64-debian-clang 0.26.1 18.03 57.26 75.29 OK
r-devel-linux-x86_64-debian-gcc 0.26.1 10.09 45.28 55.37 OK
r-devel-linux-x86_64-fedora-clang 0.26.1 93.49 OK
r-devel-linux-x86_64-fedora-gcc 0.26.1 89.17 OK
r-devel-windows-ix86+x86_64 0.26.1 71.00 227.00 298.00 NOTE
r-devel-windows-ix86+x86_64-gcc8 0.26.1 89.00 330.00 419.00 NOTE
r-patched-linux-x86_64 0.26.1 12.42 53.06 65.48 OK
r-patched-solaris-x86 0.26.1 279.10 OK
r-release-linux-x86_64 0.26.1 11.58 52.91 64.49 OK
r-release-windows-ix86+x86_64 0.26.1 72.00 218.00 290.00 NOTE
r-release-osx-x86_64 0.26.1 OK
r-oldrel-windows-ix86+x86_64 0.26.1 70.00 203.00 273.00 NOTE
r-oldrel-osx-x86_64 0.26.1 OK

Check Details

Version: 0.26.1
Check: installed package size
Result: NOTE
     installed size is 6.3Mb
     sub-directories of 1Mb or more:
     libs 5.8Mb
Flavors: r-devel-windows-ix86+x86_64, r-devel-windows-ix86+x86_64-gcc8, r-release-windows-ix86+x86_64, r-oldrel-windows-ix86+x86_64