CRAN Package Check Results for Package gkmSVM

Last updated on 2019-08-22 13:46:13 CEST.

Flavor Version Tinstall Tcheck Ttotal Status Flags
r-devel-linux-x86_64-debian-clang 0.79.0 47.66 37.47 85.13 WARN
r-devel-linux-x86_64-debian-gcc 0.79.0 34.56 30.35 64.91 WARN
r-devel-linux-x86_64-fedora-clang 0.79.0 152.73 OK
r-devel-linux-x86_64-fedora-gcc 0.79.0 117.75 WARN
r-devel-windows-ix86+x86_64 0.79.0 177.00 95.00 272.00 OK
r-patched-linux-x86_64 0.79.0 39.73 38.93 78.66 OK
r-patched-solaris-x86 0.79.0 141.60 OK
r-release-linux-x86_64 0.79.0 43.66 38.69 82.35 OK
r-release-windows-ix86+x86_64 0.79.0 151.00 99.00 250.00 OK
r-release-osx-x86_64 0.79.0 ERROR
r-oldrel-windows-ix86+x86_64 0.79.0 147.00 95.00 242.00 OK
r-oldrel-osx-x86_64 0.79.0 ERROR

Check Details

Version: 0.79.0
Check: whether package can be installed
Result: WARN
    Found the following significant warnings:
     Converter.cpp:157:3: warning: ignoring return value of function declared with 'warn_unused_result' attribute [-Wunused-result]
     Converter.cpp:154:2: warning: ignoring return value of function declared with 'warn_unused_result' attribute [-Wunused-result]
     Sequence.cpp:197:3: warning: ignoring return value of function declared with 'warn_unused_result' attribute [-Wunused-result]
     Sequence.cpp:230:3: warning: ignoring return value of function declared with 'warn_unused_result' attribute [-Wunused-result]
     Sequence.cpp:193:2: warning: ignoring return value of function declared with 'warn_unused_result' attribute [-Wunused-result]
     Sequence.cpp:292:2: warning: ignoring return value of function declared with 'warn_unused_result' attribute [-Wunused-result]
Flavor: r-devel-linux-x86_64-debian-clang

Version: 0.79.0
Check: whether package can be installed
Result: WARN
    Found the following significant warnings:
     Converter.cpp:154:7: warning: ignoring return value of ‘char* fgets(char*, int, FILE*)’, declared with attribute warn_unused_result [-Wunused-result]
     Converter.cpp:157:8: warning: ignoring return value of ‘char* fgets(char*, int, FILE*)’, declared with attribute warn_unused_result [-Wunused-result]
     Sequence.cpp:387:17: warning: passing argument 1 to restrict-qualified parameter aliases with argument 3 [-Wrestrict]
     Sequence.cpp:388:17: warning: passing argument 1 to restrict-qualified parameter aliases with argument 3 [-Wrestrict]
     Sequence.cpp:193:7: warning: ignoring return value of ‘char* fgets(char*, int, FILE*)’, declared with attribute warn_unused_result [-Wunused-result]
     Sequence.cpp:197:8: warning: ignoring return value of ‘char* fgets(char*, int, FILE*)’, declared with attribute warn_unused_result [-Wunused-result]
     Sequence.cpp:230:8: warning: ignoring return value of ‘char* fgets(char*, int, FILE*)’, declared with attribute warn_unused_result [-Wunused-result]
     Sequence.cpp:292:7: warning: ignoring return value of ‘char* fgets(char*, int, FILE*)’, declared with attribute warn_unused_result [-Wunused-result]
Flavors: r-devel-linux-x86_64-debian-gcc, r-devel-linux-x86_64-fedora-gcc

Version: 0.79.0
Check: package dependencies
Result: ERROR
    Packages required but not available:
     'BiocGenerics', 'IRanges', 'S4Vectors', 'Biostrings', 'GenomeInfoDb',
     'GenomicRanges', 'rtracklayer'
    
    Packages suggested but not available for checking:
     'BSgenome.Hsapiens.UCSC.hg18.masked',
     'BSgenome.Hsapiens.UCSC.hg19.masked'
    
    See section ‘The DESCRIPTION file’ in the ‘Writing R Extensions’
    manual.
Flavor: r-release-osx-x86_64

Version: 0.79.0
Check: package dependencies
Result: ERROR
    Package required but not available: ‘rtracklayer’
    
    Packages suggested but not available for checking:
     ‘BSgenome.Hsapiens.UCSC.hg18.masked’
     ‘BSgenome.Hsapiens.UCSC.hg19.masked’
    
    See section ‘The DESCRIPTION file’ in the ‘Writing R Extensions’
    manual.
Flavor: r-oldrel-osx-x86_64