CRAN Package Check Results for Package gmGeostats

Last updated on 2021-04-13 06:46:51 CEST.

Flavor Version Tinstall Tcheck Ttotal Status Flags
r-devel-linux-x86_64-debian-clang 0.10-7 21.21 141.00 162.21 OK
r-devel-linux-x86_64-debian-gcc 0.10-7 19.07 105.34 124.41 OK
r-devel-linux-x86_64-fedora-clang 0.10-7 201.90 NOTE
r-devel-linux-x86_64-fedora-gcc 0.10-7 187.49 NOTE
r-devel-windows-ix86+x86_64 0.10-7 42.00 219.00 261.00 OK
r-devel-windows-x86_64-gcc10-UCRT 0.10-7 NOTE
r-patched-linux-x86_64 0.10-7 23.19 131.60 154.79 OK
r-patched-solaris-x86 0.10-7 249.00 NOTE
r-release-linux-x86_64 0.10-7 27.32 129.26 156.58 OK
r-release-macos-x86_64 0.10-7 NOTE
r-release-windows-ix86+x86_64 0.10-7 33.00 220.00 253.00 OK
r-oldrel-macos-x86_64 0.10-7 NOTE
r-oldrel-windows-ix86+x86_64 0.10-7 39.00 147.00 186.00 OK

Check Details

Version: 0.10-7
Check: data for non-ASCII characters
Result: NOTE
     Note: found 2629 marked UTF-8 strings
Flavors: r-devel-linux-x86_64-fedora-clang, r-devel-linux-x86_64-fedora-gcc, r-devel-windows-x86_64-gcc10-UCRT, r-patched-solaris-x86, r-release-macos-x86_64, r-oldrel-macos-x86_64