CRAN Package Check Results for Package grImport2

Last updated on 2020-01-29 13:47:47 CET.

Flavor Version Tinstall Tcheck Ttotal Status Flags
r-devel-linux-x86_64-debian-clang 0.2-0 5.93 55.95 61.88 OK
r-devel-linux-x86_64-debian-gcc 0.2-0 4.62 43.52 48.14 OK
r-devel-linux-x86_64-fedora-clang 0.2-0 73.58 OK
r-devel-linux-x86_64-fedora-gcc 0.2-0 71.79 OK
r-devel-windows-ix86+x86_64 0.2-0 12.00 96.00 108.00 OK
r-devel-windows-ix86+x86_64-gcc8 0.2-0 14.00 101.00 115.00 OK
r-patched-linux-x86_64 0.2-0 OK
r-patched-solaris-x86 0.2-0 97.20 NOTE
r-release-linux-x86_64 0.2-0 4.49 49.55 54.04 OK
r-release-windows-ix86+x86_64 0.2-0 9.00 63.00 72.00 OK
r-release-osx-x86_64 0.2-0 OK
r-oldrel-windows-ix86+x86_64 0.2-0 8.00 63.00 71.00 OK
r-oldrel-osx-x86_64 0.2-0 OK

Check Details

Version: 0.2-0
Check: package dependencies
Result: NOTE
    Package suggested but not available for checking: ‘rsvg’
Flavor: r-patched-solaris-x86