CRAN Package Check Results for Package grImport2

Last updated on 2019-08-23 13:46:54 CEST.

Flavor Version Tinstall Tcheck Ttotal Status Flags
r-devel-linux-x86_64-debian-clang 0.1-5 5.17 50.96 56.13 OK
r-devel-linux-x86_64-debian-gcc 0.1-5 OK
r-devel-linux-x86_64-fedora-clang 0.1-5 68.19 OK
r-devel-linux-x86_64-fedora-gcc 0.1-5 67.33 OK
r-devel-windows-ix86+x86_64 0.1-5 10.00 62.00 72.00 OK
r-patched-linux-x86_64 0.1-5 5.07 50.23 55.30 OK
r-patched-solaris-x86 0.1-5 97.60 NOTE
r-release-linux-x86_64 0.1-5 4.17 50.28 54.45 OK
r-release-windows-ix86+x86_64 0.1-5 9.00 84.00 93.00 OK
r-release-osx-x86_64 0.1-5 OK
r-oldrel-windows-ix86+x86_64 0.1-5 18.00 85.00 103.00 OK
r-oldrel-osx-x86_64 0.1-5 OK

Check Details

Version: 0.1-5
Check: package dependencies
Result: NOTE
    Package suggested but not available for checking: ‘rsvg’
Flavor: r-patched-solaris-x86