CRAN Package Check Results for Package graphTweets

Last updated on 2019-12-13 13:49:28 CET.

Flavor Version Tinstall Tcheck Ttotal Status Flags
r-devel-linux-x86_64-debian-clang 0.5.2 4.43 35.95 40.38 OK
r-devel-linux-x86_64-debian-gcc 0.5.2 3.28 28.09 31.37 OK
r-devel-linux-x86_64-fedora-clang 0.5.2 49.16 NOTE
r-devel-linux-x86_64-fedora-gcc 0.5.2 48.99 NOTE
r-devel-windows-ix86+x86_64 0.5.2 11.00 68.00 79.00 OK
r-devel-windows-ix86+x86_64-gcc8 0.5.2 12.00 89.00 101.00 OK
r-patched-linux-x86_64 0.5.2 3.97 33.17 37.14 OK
r-patched-solaris-x86 0.5.2 65.30 NOTE
r-release-linux-x86_64 0.5.2 4.04 32.78 36.82 OK
r-release-windows-ix86+x86_64 0.5.2 8.00 49.00 57.00 OK
r-release-osx-x86_64 0.5.2 NOTE
r-oldrel-windows-ix86+x86_64 0.5.2 4.00 47.00 51.00 OK
r-oldrel-osx-x86_64 0.5.2 NOTE

Check Details

Version: 0.5.2
Check: dependencies in R code
Result: NOTE
    Namespace in Imports field not imported from: ‘utils’
     All declared Imports should be used.
Flavors: r-devel-linux-x86_64-fedora-clang, r-devel-linux-x86_64-fedora-gcc, r-patched-solaris-x86, r-release-osx-x86_64, r-oldrel-osx-x86_64