CRAN Package Check Results for Package grapherator

Last updated on 2019-10-22 13:46:20 CEST.

Flavor Version Tinstall Tcheck Ttotal Status Flags
r-devel-linux-x86_64-debian-clang 1.0.0 8.83 97.84 106.67 OK
r-devel-linux-x86_64-debian-gcc 1.0.0 8.15 75.06 83.21 OK
r-devel-linux-x86_64-fedora-clang 1.0.0 125.39 NOTE
r-devel-linux-x86_64-fedora-gcc 1.0.0 122.35 NOTE
r-devel-windows-ix86+x86_64 1.0.0 21.00 147.00 168.00 OK
r-patched-linux-x86_64 1.0.0 7.67 93.39 101.06 OK
r-patched-solaris-x86 1.0.0 181.30 NOTE
r-release-linux-x86_64 1.0.0 9.29 95.33 104.62 OK
r-release-windows-ix86+x86_64 1.0.0 31.00 102.00 133.00 OK
r-release-osx-x86_64 1.0.0 NOTE
r-oldrel-windows-ix86+x86_64 1.0.0 23.00 136.00 159.00 OK
r-oldrel-osx-x86_64 1.0.0 NOTE

Check Details

Version: 1.0.0
Check: dependencies in R code
Result: NOTE
    Namespace in Imports field not imported from: ‘reshape2’
     All declared Imports should be used.
Flavors: r-devel-linux-x86_64-fedora-clang, r-devel-linux-x86_64-fedora-gcc, r-patched-solaris-x86, r-release-osx-x86_64, r-oldrel-osx-x86_64