CRAN Package Check Results for Package grec

Last updated on 2019-12-05 13:46:43 CET.

Flavor Version Tinstall Tcheck Ttotal Status Flags
r-devel-linux-x86_64-debian-clang 1.3.0 11.51 67.65 79.16 ERROR
r-devel-linux-x86_64-debian-gcc 1.3.0 8.31 53.25 61.56 ERROR
r-devel-linux-x86_64-fedora-clang 1.3.0 96.65 OK
r-devel-linux-x86_64-fedora-gcc 1.3.0 95.79 OK
r-devel-windows-ix86+x86_64 1.3.0 17.00 103.00 120.00 OK
r-devel-windows-ix86+x86_64-gcc8 1.3.0 16.00 78.00 94.00 OK
r-patched-linux-x86_64 1.3.0 8.95 67.23 76.18 OK
r-patched-solaris-x86 1.3.0 142.80 OK
r-release-linux-x86_64 1.3.0 10.02 66.52 76.54 OK
r-release-windows-ix86+x86_64 1.3.0 22.00 81.00 103.00 OK
r-release-osx-x86_64 1.3.0 OK
r-oldrel-windows-ix86+x86_64 1.3.0 9.00 75.00 84.00 OK
r-oldrel-osx-x86_64 1.3.0 OK

Check Details

Version: 1.3.0
Check: examples
Result: ERROR
    Running examples in 'grec-Ex.R' failed
    The error most likely occurred in:
    
    > base::assign(".ptime", proc.time(), pos = "CheckExEnv")
    > ### Name: detectFronts.RasterLayer
    > ### Title: Apply gradient-based methodologies to environmental data
    > ### Aliases: detectFronts.RasterLayer detectFronts.array
    > ### detectFronts.default detectFronts detectFronts.list
    > ### detectFronts.matrix
    >
    > ### ** Examples
    >
    > data(sst)
    > exampleSSTData <- list(x = sst$longitude,
    + y = sst$latitude,
    + z = sst$sst[,,1])
    >
    > data(chl)
    > exampleChlData <- list(x = chl$longitude,
    + y = chl$latitude,
    + z = chl$chlorophyll[,,1])
    >
    > # Simple application (over a XYZ list)
    > out_sst <- detectFronts(x = exampleSSTData)
    Error in switch(class(x$z), matrix = checkArgs_df_matrix(x = x$z), array = checkArgs_df_array(x = x$z), :
     EXPR must be a length 1 vector
    Calls: detectFronts -> checkArgs -> checkArgs_df_list
    Execution halted
Flavors: r-devel-linux-x86_64-debian-clang, r-devel-linux-x86_64-debian-gcc