CRAN Package Check Results for Package greta

Last updated on 2020-02-17 13:49:37 CET.

Flavor Version Tinstall Tcheck Ttotal Status Flags
r-devel-linux-x86_64-debian-clang 0.3.1 38.96 97.22 136.18 NOTE
r-devel-linux-x86_64-debian-gcc 0.3.1 31.25 75.32 106.57 OK
r-devel-linux-x86_64-fedora-clang 0.3.1 226.89 OK
r-devel-linux-x86_64-fedora-gcc 0.3.1 258.80 OK
r-devel-windows-ix86+x86_64 0.3.1 64.00 113.00 177.00 OK
r-devel-windows-ix86+x86_64-gcc8 0.3.1 104.00 143.00 247.00 OK
r-patched-linux-x86_64 0.3.1 33.89 87.95 121.84 OK
r-patched-solaris-x86 0.3.1 175.40 OK
r-release-linux-x86_64 0.3.1 35.29 88.62 123.91 OK
r-release-windows-ix86+x86_64 0.3.1 41.00 98.00 139.00 OK
r-release-osx-x86_64 0.3.1 OK
r-oldrel-windows-ix86+x86_64 0.3.1 38.00 95.00 133.00 OK
r-oldrel-osx-x86_64 0.3.1 OK

Check Details

Version: 0.3.1
Check: package dependencies
Result: NOTE
    Package suggested but not available for checking: 'MCMCpack'
Flavor: r-devel-linux-x86_64-debian-clang