Last updated on 2021-02-25 06:47:03 CET.
Flavor | Version | Tinstall | Tcheck | Ttotal | Status | Flags |
---|---|---|---|---|---|---|
r-devel-linux-x86_64-debian-clang | 2.0-6 | 24.21 | 206.36 | 230.57 | OK | |
r-devel-linux-x86_64-debian-gcc | 2.0-6 | 16.57 | 156.00 | 172.57 | OK | |
r-devel-linux-x86_64-fedora-clang | 2.0-6 | 282.27 | OK | |||
r-devel-linux-x86_64-fedora-gcc | 2.0-6 | 272.65 | OK | |||
r-devel-windows-ix86+x86_64 | 2.0-6 | 49.00 | 272.00 | 321.00 | OK | |
r-patched-linux-x86_64 | 2.0-6 | 19.53 | 195.22 | 214.75 | OK | |
r-patched-solaris-x86 | 2.0-6 | 381.20 | OK | |||
r-release-linux-x86_64 | 2.0-6 | 18.85 | 196.65 | 215.50 | OK | |
r-release-macos-x86_64 | 2.0-6 | NOTE | ||||
r-release-windows-ix86+x86_64 | 2.0-6 | 66.00 | 379.00 | 445.00 | OK | |
r-oldrel-macos-x86_64 | 2.0-6 | OK | ||||
r-oldrel-windows-ix86+x86_64 | 2.0-6 | 43.00 | 371.00 | 414.00 | OK |
Version: 2.0-6
Check: package dependencies
Result: NOTE
Package suggested but not available for checking: ‘fields’
Flavor: r-release-macos-x86_64