Last updated on 2021-01-22 07:49:39 CET.
Flavor | Version | Tinstall | Tcheck | Ttotal | Status | Flags |
---|---|---|---|---|---|---|
r-devel-linux-x86_64-debian-clang | 0.2.2 | 15.11 | 264.12 | 279.23 | OK | |
r-devel-linux-x86_64-debian-gcc | 0.2.2 | 12.15 | 199.45 | 211.60 | OK | |
r-devel-linux-x86_64-fedora-clang | 0.2.2 | 324.93 | NOTE | |||
r-devel-linux-x86_64-fedora-gcc | 0.2.2 | 321.33 | NOTE | |||
r-devel-windows-ix86+x86_64 | 0.2.2 | 29.00 | 302.00 | 331.00 | NOTE | |
r-patched-linux-x86_64 | 0.2.2 | 14.09 | 261.53 | 275.62 | OK | |
r-patched-solaris-x86 | 0.2.2 | 415.10 | NOTE | |||
r-release-linux-x86_64 | 0.2.2 | 15.65 | 268.68 | 284.33 | OK | |
r-release-macos-x86_64 | 0.2.2 | NOTE | ||||
r-release-windows-ix86+x86_64 | 0.2.2 | 42.00 | 325.00 | 367.00 | NOTE | |
r-oldrel-macos-x86_64 | 0.2.2 | NOTE | ||||
r-oldrel-windows-ix86+x86_64 | 0.2.2 | 18.00 | 222.00 | 240.00 | NOTE |
Version: 0.2.2
Check: installed package size
Result: NOTE
installed size is 6.1Mb
sub-directories of 1Mb or more:
help 4.0Mb
Flavors: r-devel-linux-x86_64-fedora-clang, r-devel-windows-ix86+x86_64, r-patched-solaris-x86, r-release-macos-x86_64, r-release-windows-ix86+x86_64, r-oldrel-macos-x86_64, r-oldrel-windows-ix86+x86_64
Version: 0.2.2
Check: data for non-ASCII characters
Result: NOTE
Note: found 116 marked UTF-8 strings
Flavors: r-devel-linux-x86_64-fedora-clang, r-devel-linux-x86_64-fedora-gcc, r-patched-solaris-x86, r-release-macos-x86_64, r-oldrel-macos-x86_64