CRAN Package Check Results for Package gtfsrouter

Last updated on 2020-02-21 13:47:38 CET.

Flavor Version Tinstall Tcheck Ttotal Status Flags
r-devel-linux-x86_64-debian-clang 0.0.1 47.18 115.33 162.51 OK
r-devel-linux-x86_64-debian-gcc 0.0.1 31.71 107.78 139.49 OK
r-devel-linux-x86_64-fedora-clang 0.0.1 179.70 NOTE
r-devel-linux-x86_64-fedora-gcc 0.0.1 173.63 OK
r-devel-windows-ix86+x86_64 0.0.1 100.00 147.00 247.00 OK
r-devel-windows-ix86+x86_64-gcc8 0.0.1 126.00 200.00 326.00 OK
r-patched-linux-x86_64 0.0.1 39.10 95.89 134.99 OK
r-patched-solaris-x86 0.0.1 173.10 OK
r-release-linux-x86_64 0.0.1 40.43 103.69 144.12 OK
r-release-windows-ix86+x86_64 0.0.1 90.00 160.00 250.00 OK
r-release-osx-x86_64 0.0.1 OK
r-oldrel-windows-ix86+x86_64 0.0.1 82.00 148.00 230.00 OK
r-oldrel-osx-x86_64 0.0.1 OK

Check Details

Version: 0.0.1
Check: installed package size
Result: NOTE
     installed size is 5.2Mb
     sub-directories of 1Mb or more:
     doc 2.1Mb
     libs 2.7Mb
Flavor: r-devel-linux-x86_64-fedora-clang