CRAN Package Check Results for Package gunsales

Last updated on 2019-11-21 09:48:30 CET.

Flavor Version Tinstall Tcheck Ttotal Status Flags
r-devel-linux-x86_64-debian-clang 0.1.2 6.24 56.34 62.58 OK
r-devel-linux-x86_64-debian-gcc 0.1.2 4.95 45.91 50.86 OK
r-devel-linux-x86_64-fedora-clang 0.1.2 74.41 OK
r-devel-linux-x86_64-fedora-gcc 0.1.2 76.68 OK
r-devel-windows-ix86+x86_64 0.1.2 29.00 120.00 149.00 OK
r-devel-windows-ix86+x86_64-gcc8 0.1.2 15.00 83.00 98.00 OK
r-patched-linux-x86_64 0.1.2 5.65 55.57 61.22 OK
r-patched-solaris-x86 0.1.2 81.00 OK
r-release-linux-x86_64 0.1.2 5.36 55.06 60.42 OK
r-release-windows-ix86+x86_64 0.1.2 21.00 108.00 129.00 OK
r-release-osx-x86_64 0.1.2 WARN
r-oldrel-windows-ix86+x86_64 0.1.2 7.00 81.00 88.00 OK
r-oldrel-osx-x86_64 0.1.2 WARN

Check Details

Version: 0.1.2
Check: re-building of vignette outputs
Result: WARN
    Error(s) in re-building vignettes:
    --- re-building ‘gunsales.Rmd’ using rmarkdown
    Warning in engine$weave(file, quiet = quiet, encoding = enc) :
     Pandoc (>= 1.12.3) and/or pandoc-citeproc not available. Falling back to R Markdown v1.
    sh: line 1: 13995 Trace/BPT trap: 5 /Volumes/SSD-Data/Builds/R-dev-web/QA/Simon/packages/el-capitan-x86_64/Rlib/3.6/x13binary/bin/x13ashtml /tmp/RtmpZhJtlI/x1336a159a99349/iofile -n -s 2> /dev/null
    dyld: lazy symbol binding failed: Symbol not found: _mkostemp
     Referenced from: /Volumes/SSD-Data/Builds/R-dev-web/QA/Simon/packages/el-capitan-x86_64/Rlib/3.6/x13binary/bin/../lib/libgfortran.3.dylib (which was built for Mac OS X 10.12)
     Expected in: /usr/lib/libSystem.B.dylib
    
    dyld: Symbol not found: _mkostemp
     Referenced from: /Volumes/SSD-Data/Builds/R-dev-web/QA/Simon/packages/el-capitan-x86_64/Rlib/3.6/x13binary/bin/../lib/libgfortran.3.dylib (which was built for Mac OS X 10.12)
     Expected in: /usr/lib/libSystem.B.dylib
    
    
    Program received signal SIGTRAP: Trace/breakpoint trap.
    
    Backtrace for this error:
    #0 0x1251da579
    #1 0x1251d9945
    #2 0x7fff9ae44529
    Quitting from lines 33-34 (gunsales.Rmd)
    Error: processing vignette 'gunsales.Rmd' failed with diagnostics:
    X-13 has returned a non-zero exist status, which means that the current spec file cannot be processed for an unknown reason.
    --- failed re-building ‘gunsales.Rmd’
    
    SUMMARY: processing the following file failed:
     ‘gunsales.Rmd’
    
    Error: Vignette re-building failed.
    Execution halted
Flavor: r-release-osx-x86_64

Version: 0.1.2
Check: re-building of vignette outputs
Result: WARN
    Error in re-building vignettes:
     ...
    Warning in engine$weave(file, quiet = quiet, encoding = enc) :
     Pandoc (>= 1.12.3) and/or pandoc-citeproc not available. Falling back to R Markdown v1.
    sh: line 1: 29372 Trace/BPT trap: 5 /Volumes/SSD-Data/Builds/R-dev-web/QA/Simon/packages/el-capitan-x86_64/Rlib/3.5/x13binary/bin/x13ashtml /var/folders/xn/m8dzdsgs7sg8q7jgflnqm8w80000gn/T//RtmpjUDYzi/x13717e8f67458/iofile -n -s 2> /dev/null
    dyld: lazy symbol binding failed: Symbol not found: _mkostemp
     Referenced from: /Volumes/SSD-Data/Builds/R-dev-web/QA/Simon/packages/el-capitan-x86_64/Rlib/3.5/x13binary/bin/../lib/libgfortran.3.dylib (which was built for Mac OS X 10.12)
     Expected in: /usr/lib/libSystem.B.dylib
    
    dyld: Symbol not found: _mkostemp
     Referenced from: /Volumes/SSD-Data/Builds/R-dev-web/QA/Simon/packages/el-capitan-x86_64/Rlib/3.5/x13binary/bin/../lib/libgfortran.3.dylib (which was built for Mac OS X 10.12)
     Expected in: /usr/lib/libSystem.B.dylib
    
    
    Program received signal SIGTRAP: Trace/breakpoint trap.
    
    Backtrace for this error:
    #0 0x121f26579
    #1 0x121f25945
    #2 0x7fff93ac4529
    Quitting from lines 33-34 (gunsales.Rmd)
    Error: processing vignette 'gunsales.Rmd' failed with diagnostics:
    X-13 has returned a non-zero exist status, which means that the current spec file cannot be processed for an unknown reason.
    Execution halted
Flavor: r-oldrel-osx-x86_64