Last updated on 2021-01-23 06:48:16 CET.
Flavor | Version | Tinstall | Tcheck | Ttotal | Status | Flags |
---|---|---|---|---|---|---|
r-devel-linux-x86_64-debian-clang | 0.2.6 | 95.16 | 138.23 | 233.39 | OK | |
r-devel-linux-x86_64-debian-gcc | 0.2.7 | 60.37 | 101.89 | 162.26 | OK | |
r-devel-linux-x86_64-fedora-clang | 0.2.7 | 322.40 | NOTE | |||
r-devel-linux-x86_64-fedora-gcc | 0.2.7 | 294.69 | OK | |||
r-devel-windows-ix86+x86_64 | 0.2.6 | 221.00 | 249.00 | 470.00 | OK | |
r-patched-linux-x86_64 | 0.2.6 | 73.74 | 130.28 | 204.02 | OK | |
r-patched-solaris-x86 | 0.2.7 | 317.50 | OK | |||
r-release-linux-x86_64 | 0.2.6 | 68.60 | 128.54 | 197.14 | OK | |
r-release-macos-x86_64 | 0.2.6 | OK | ||||
r-release-windows-ix86+x86_64 | 0.2.6 | 220.00 | 254.00 | 474.00 | OK | |
r-oldrel-macos-x86_64 | 0.2.6 | OK | ||||
r-oldrel-windows-ix86+x86_64 | 0.2.6 | 143.00 | 179.00 | 322.00 | OK |
Version: 0.2.7
Check: installed package size
Result: NOTE
installed size is 5.4Mb
sub-directories of 1Mb or more:
libs 5.1Mb
Flavor: r-devel-linux-x86_64-fedora-clang