CRAN Package Check Results for Package hermiter

Last updated on 2021-01-20 06:46:47 CET.

Flavor Version Tinstall Tcheck Ttotal Status Flags
r-devel-linux-x86_64-debian-clang 2.0.2 26.12 150.14 176.26 OK
r-devel-linux-x86_64-debian-gcc 2.0.2 16.12 100.21 116.33 OK
r-devel-linux-x86_64-fedora-clang 2.0.2 207.04 OK
r-devel-linux-x86_64-fedora-gcc 2.0.2 193.86 OK
r-devel-windows-ix86+x86_64 2.0.2 49.00 247.00 296.00 OK
r-patched-linux-x86_64 2.0.2 20.10 133.70 153.80 OK
r-patched-solaris-x86 2.0.2 224.50 WARN
r-release-linux-x86_64 2.0.2 18.87 134.55 153.42 OK
r-release-macos-x86_64 2.0.2 WARN
r-release-windows-ix86+x86_64 2.0.2 58.00 285.00 343.00 OK
r-oldrel-macos-x86_64 2.0.2 WARN
r-oldrel-windows-ix86+x86_64 2.0.2 41.00 218.00 259.00 OK

Additional issues

ATLAS

Check Details

Version: 2.0.2
Check: re-building of vignette outputs
Result: WARN
    Error(s) in re-building vignettes:
     ...
    --- re-building ‘hermiter.Rmd’ using rmarkdown
    Warning in engine$weave(file, quiet = quiet, encoding = enc) :
     Pandoc (>= 1.12.3) and/or pandoc-citeproc not available. Falling back to R Markdown v1.
    
    Attaching package: 'dplyr'
    
    The following objects are masked from 'package:stats':
    
     filter, lag
    
    The following objects are masked from 'package:base':
    
     intersect, setdiff, setequal, union
    
    
    Attaching package: 'data.table'
    
    The following objects are masked from 'package:dplyr':
    
     between, first, last
    
    Quitting from lines 542-544 (hermiter.Rmd)
    Error: processing vignette 'hermiter.Rmd' failed with diagnostics:
    there is no package called 'webshot'
    --- failed re-building ‘hermiter.Rmd’
    
    SUMMARY: processing the following file failed:
     ‘hermiter.Rmd’
    
    Error: Vignette re-building failed.
    Execution halted
Flavor: r-patched-solaris-x86

Version: 2.0.2
Check: re-building of vignette outputs
Result: WARN
    Error(s) in re-building vignettes:
    --- re-building ‘hermiter.Rmd’ using rmarkdown
    Warning in engine$weave(file, quiet = quiet, encoding = enc) :
     Pandoc (>= 1.12.3) and/or pandoc-citeproc not available. Falling back to R Markdown v1.
    
    Attaching package: 'dplyr'
    
    The following objects are masked from 'package:stats':
    
     filter, lag
    
    The following objects are masked from 'package:base':
    
     intersect, setdiff, setequal, union
    
    
    Attaching package: 'data.table'
    
    The following objects are masked from 'package:dplyr':
    
     between, first, last
    
    Quitting from lines 542-544 (hermiter.Rmd)
    Error: processing vignette 'hermiter.Rmd' failed with diagnostics:
    cannot open the connection
    --- failed re-building ‘hermiter.Rmd’
    
    SUMMARY: processing the following file failed:
     ‘hermiter.Rmd’
    
    Error: Vignette re-building failed.
    Execution halted
Flavors: r-release-macos-x86_64, r-oldrel-macos-x86_64