CRAN Package Check Results for Package hhh4contacts

Last updated on 2020-07-12 13:46:59 CEST.

Flavor Version Tinstall Tcheck Ttotal Status Flags
r-devel-linux-x86_64-debian-clang 0.13.1 10.16 91.68 101.84 OK
r-devel-linux-x86_64-debian-gcc 0.13.1 8.65 71.52 80.17 OK
r-devel-linux-x86_64-fedora-clang 0.13.1 132.65 NOTE
r-devel-linux-x86_64-fedora-gcc 0.13.1 122.50 OK
r-devel-windows-ix86+x86_64 0.13.1 20.00 148.00 168.00 OK
r-patched-linux-x86_64 0.13.1 10.38 91.24 101.62 OK
r-patched-solaris-x86 0.13.1 183.10 OK
r-release-linux-x86_64 0.13.1 9.75 90.74 100.49 OK
r-release-macos-x86_64 0.13.1 OK
r-release-windows-ix86+x86_64 0.13.1 29.00 100.00 129.00 OK
r-oldrel-macos-x86_64 0.13.1 OK
r-oldrel-windows-ix86+x86_64 0.13.1 25.00 103.00 128.00 OK

Check Details

Version: 0.13.1
Check: Rd cross-references
Result: NOTE
    Undeclared packages ‘sp’, ‘rgeos’ in Rd xrefs
Flavor: r-devel-linux-x86_64-fedora-clang