CRAN Package Check Results for Package igraph

Last updated on 2020-10-01 13:49:13 CEST.

Flavor Version Tinstall Tcheck Ttotal Status Flags
r-devel-linux-x86_64-debian-clang 1.2.5 254.73 286.92 541.65 WARN
r-devel-linux-x86_64-debian-gcc 1.2.5 185.54 220.48 406.02 OK
r-devel-linux-x86_64-fedora-clang 1.2.5 731.03 WARN
r-devel-linux-x86_64-fedora-gcc 1.2.5 683.83 OK
r-devel-windows-ix86+x86_64 1.2.5 709.00 586.00 1295.00 NOTE
r-patched-linux-x86_64 1.2.5 225.95 276.21 502.16 OK
r-patched-solaris-x86 1.2.5 956.40 NOTE
r-release-linux-x86_64 1.2.5 226.55 270.89 497.44 OK
r-release-macos-x86_64 1.2.5 NOTE
r-release-windows-ix86+x86_64 1.2.5 703.00 760.00 1463.00 NOTE
r-oldrel-macos-x86_64 1.2.5 NOTE
r-oldrel-windows-ix86+x86_64 1.2.5 742.00 605.00 1347.00 NOTE

Check Details

Version: 1.2.5
Check: whether package can be installed
Result: WARN
    Found the following significant warnings:
     ./vector.pmt:246:16: warning: passing an object that undergoes default argument promotion to 'va_start' has undefined behavior [-Wvarargs]
     ./vector.pmt:259:16: warning: passing an object that undergoes default argument promotion to 'va_start' has undefined behavior [-Wvarargs]
Flavors: r-devel-linux-x86_64-debian-clang, r-devel-linux-x86_64-fedora-clang

Version: 1.2.5
Check: installed package size
Result: NOTE
     installed size is 17.4Mb
     sub-directories of 1Mb or more:
     R 1.4Mb
     help 1.1Mb
     libs 14.4Mb
Flavors: r-devel-linux-x86_64-fedora-clang, r-devel-windows-ix86+x86_64, r-patched-solaris-x86, r-release-macos-x86_64, r-release-windows-ix86+x86_64, r-oldrel-macos-x86_64, r-oldrel-windows-ix86+x86_64

Version: 1.2.5
Check: dependencies in R code
Result: NOTE
    No protocol specified
    No protocol specified
Flavor: r-oldrel-macos-x86_64