CRAN Package Check Results for Package imagerExtra

Last updated on 2019-08-25 08:47:26 CEST.

Flavor Version Tinstall Tcheck Ttotal Status Flags
r-devel-linux-x86_64-debian-clang 1.3.2 74.60 62.82 137.42 OK
r-devel-linux-x86_64-debian-gcc 1.3.2 54.55 49.32 103.87 OK
r-devel-linux-x86_64-fedora-clang 1.3.2 209.99 OK
r-devel-linux-x86_64-fedora-gcc 1.3.2 185.98 OK
r-devel-windows-ix86+x86_64 1.3.2 149.00 131.00 280.00 OK
r-patched-linux-x86_64 1.3.2 64.08 63.53 127.61 OK
r-patched-solaris-x86 1.3.2 234.20 NOTE
r-release-linux-x86_64 1.3.2 66.10 63.91 130.01 OK
r-release-windows-ix86+x86_64 1.3.2 188.00 177.00 365.00 OK
r-release-osx-x86_64 1.3.2 OK
r-oldrel-windows-ix86+x86_64 1.3.2 183.00 174.00 357.00 OK
r-oldrel-osx-x86_64 1.3.2 OK

Check Details

Version: 1.3.2
Check: package dependencies
Result: NOTE
    Package suggested but not available for checking: ‘tesseract’
Flavor: r-patched-solaris-x86