CRAN Package Check Results for Package imagerExtra

Last updated on 2020-01-29 13:47:48 CET.

Flavor Version Tinstall Tcheck Ttotal Status Flags
r-devel-linux-x86_64-debian-clang 1.3.2 93.48 69.95 163.43 OK
r-devel-linux-x86_64-debian-gcc 1.3.2 52.66 56.35 109.01 OK
r-devel-linux-x86_64-fedora-clang 1.3.2 217.31 WARN
r-devel-linux-x86_64-fedora-gcc 1.3.2 197.37 OK
r-devel-windows-ix86+x86_64 1.3.2 165.00 172.00 337.00 OK
r-devel-windows-ix86+x86_64-gcc8 1.3.2 264.00 151.00 415.00 OK
r-patched-linux-x86_64 1.3.2 OK
r-patched-solaris-x86 1.3.2 217.80 NOTE
r-release-linux-x86_64 1.3.2 68.70 66.28 134.98 OK
r-release-windows-ix86+x86_64 1.3.2 170.00 135.00 305.00 OK
r-release-osx-x86_64 1.3.2 OK
r-oldrel-windows-ix86+x86_64 1.3.2 182.00 126.00 308.00 OK
r-oldrel-osx-x86_64 1.3.2 OK

Check Details

Version: 1.3.2
Check: package dependencies
Result: WARN
    Requires orphaned package: ‘imager’
Flavor: r-devel-linux-x86_64-fedora-clang

Version: 1.3.2
Check: package dependencies
Result: NOTE
    Package suggested but not available for checking: ‘tesseract’
Flavor: r-patched-solaris-x86