CRAN Package Check Results for Package imbalance

Last updated on 2019-09-19 13:46:12 CEST.

Flavor Version Tinstall Tcheck Ttotal Status Flags
r-devel-linux-x86_64-debian-clang 1.0.0 45.93 94.45 140.38 NOTE
r-devel-linux-x86_64-debian-gcc 1.0.0 36.99 68.04 105.03 NOTE
r-devel-linux-x86_64-fedora-clang 1.0.0 187.53 NOTE
r-devel-linux-x86_64-fedora-gcc 1.0.0 175.02 NOTE
r-devel-windows-ix86+x86_64 1.0.0 118.00 201.00 319.00 OK
r-patched-linux-x86_64 1.0.0 42.27 88.24 130.51 NOTE
r-patched-solaris-x86 1.0.0 195.60 OK
r-release-linux-x86_64 1.0.0 40.84 90.59 131.43 NOTE
r-release-windows-ix86+x86_64 1.0.0 89.00 160.00 249.00 OK
r-release-osx-x86_64 1.0.0 OK
r-oldrel-windows-ix86+x86_64 1.0.0 90.00 157.00 247.00 OK
r-oldrel-osx-x86_64 1.0.0 OK

Check Details

Version: 1.0.0
Check: use of SHLIB_OPENMP_*FLAGS in Makefiles
Result: NOTE
     src/Makevars: SHLIB_OPENMP_CXXFLAGS is included in PKG_CXXFLAGS but not in PKG_LIBS
     src/Makevars: SHLIB_OPENMP_CFLAGS is included in PKG_LIBS but linking is by C++
     src/Makevars.win: SHLIB_OPENMP_CXXFLAGS is included in PKG_CXXFLAGS but not in PKG_LIBS
     src/Makevars.win: SHLIB_OPENMP_CFLAGS is included in PKG_LIBS but linking is by C++
    Use of these macros is discussed in sect 1.2.1.1 of 'Writing R
    Extensions'. The macros for different languages may differ so the
    matching macro must be used in PKG_CXXFLAGS (etc) and match that used
    in PKG_LIBS (except for Fortran: see the manual).
Flavors: r-devel-linux-x86_64-debian-clang, r-devel-linux-x86_64-debian-gcc, r-devel-linux-x86_64-fedora-clang, r-devel-linux-x86_64-fedora-gcc, r-patched-linux-x86_64, r-release-linux-x86_64