CRAN Package Check Results for Package imbalance

Last updated on 2019-06-25 13:46:47 CEST.

Flavor Version Tinstall Tcheck Ttotal Status Flags
r-devel-linux-x86_64-debian-clang 1.0.0 42.46 89.88 132.34 NOTE
r-devel-linux-x86_64-debian-gcc 1.0.0 33.66 70.38 104.04 NOTE
r-devel-linux-x86_64-fedora-clang 1.0.0 176.85 NOTE
r-devel-linux-x86_64-fedora-gcc 1.0.0 169.15 NOTE
r-devel-windows-ix86+x86_64 1.0.0 127.00 180.00 307.00 OK
r-patched-linux-x86_64 1.0.0 43.54 88.92 132.46 NOTE
r-patched-solaris-x86 1.0.0 187.40 OK
r-release-linux-x86_64 1.0.0 45.52 90.85 136.37 NOTE
r-release-windows-ix86+x86_64 1.0.0 85.00 192.00 277.00 OK
r-release-osx-x86_64 1.0.0 OK
r-oldrel-windows-ix86+x86_64 1.0.0 70.00 146.00 216.00 OK
r-oldrel-osx-x86_64 1.0.0 OK

Check Details

Version: 1.0.0
Check: use of SHLIB_OPENMP_*FLAGS in Makefiles
Result: NOTE
     src/Makevars: SHLIB_OPENMP_CXXFLAGS is included in PKG_CXXFLAGS but not in PKG_LIBS
     src/Makevars: SHLIB_OPENMP_CFLAGS is included in PKG_LIBS but linking is by C++
     src/Makevars.win: SHLIB_OPENMP_CXXFLAGS is included in PKG_CXXFLAGS but not in PKG_LIBS
     src/Makevars.win: SHLIB_OPENMP_CFLAGS is included in PKG_LIBS but linking is by C++
    Use of these macros is discussed in sect 1.2.1.1 of 'Writing R
    Extensions'. The macros for different languages may differ so the
    matching macro must be used in PKG_CXXFLAGS (etc) and match that used
    in PKG_LIBS (except for Fortran: see the manual).
Flavors: r-devel-linux-x86_64-debian-clang, r-devel-linux-x86_64-debian-gcc, r-devel-linux-x86_64-fedora-clang, r-devel-linux-x86_64-fedora-gcc, r-patched-linux-x86_64, r-release-linux-x86_64