Last updated on 2021-04-13 06:46:53 CEST.
Flavor | Version | Tinstall | Tcheck | Ttotal | Status | Flags |
---|---|---|---|---|---|---|
r-devel-linux-x86_64-debian-clang | 0.6 | 2.67 | 25.25 | 27.92 | NOTE | |
r-devel-linux-x86_64-debian-gcc | 0.6 | 1.64 | 20.24 | 21.88 | NOTE | |
r-devel-linux-x86_64-fedora-clang | 0.6 | 42.33 | NOTE | |||
r-devel-linux-x86_64-fedora-gcc | 0.6 | 33.25 | NOTE | |||
r-devel-windows-ix86+x86_64 | 0.6 | 5.00 | 42.00 | 47.00 | OK | |
r-devel-windows-x86_64-gcc10-UCRT | 0.6 | OK | ||||
r-patched-linux-x86_64 | 0.6 | 2.69 | 24.80 | 27.49 | NOTE | |
r-patched-solaris-x86 | 0.6 | 49.60 | NOTE | |||
r-release-linux-x86_64 | 0.6 | 2.64 | 24.85 | 27.49 | NOTE | |
r-release-macos-x86_64 | 0.6 | OK | ||||
r-release-windows-ix86+x86_64 | 0.6 | 4.00 | 40.00 | 44.00 | OK | |
r-oldrel-macos-x86_64 | 0.6 | OK | ||||
r-oldrel-windows-ix86+x86_64 | 0.6 | 4.00 | 32.00 | 36.00 | OK |
Version: 0.6
Check: for non-standard things in the check directory
Result: NOTE
Found the following files/directories:
'c.txt' 'rho.txt' 'sta.txt' 'topo.txt'
Flavors: r-devel-linux-x86_64-debian-clang, r-devel-linux-x86_64-debian-gcc, r-devel-linux-x86_64-fedora-clang, r-devel-linux-x86_64-fedora-gcc, r-patched-linux-x86_64, r-patched-solaris-x86, r-release-linux-x86_64