CRAN Package Check Results for Package inlmisc

Last updated on 2020-01-26 13:47:29 CET.

Flavor Version Tinstall Tcheck Ttotal Status Flags
r-devel-linux-x86_64-debian-clang 0.4.9 17.35 141.69 159.04 OK
r-devel-linux-x86_64-debian-gcc 0.4.9 13.74 110.88 124.62 OK
r-devel-linux-x86_64-fedora-clang 0.4.9 185.74 NOTE
r-devel-linux-x86_64-fedora-gcc 0.4.9 196.08 OK
r-devel-windows-ix86+x86_64 0.4.9 41.00 256.00 297.00 OK
r-devel-windows-ix86+x86_64-gcc8 0.4.9 46.00 280.00 326.00 OK
r-patched-linux-x86_64 0.4.9 13.98 124.17 138.15 OK
r-patched-solaris-x86 0.4.9 234.30 OK
r-release-linux-x86_64 0.4.9 13.41 123.62 137.03 OK
r-release-windows-ix86+x86_64 0.4.9 25.00 172.00 197.00 OK
r-release-osx-x86_64 0.4.9 OK
r-oldrel-windows-ix86+x86_64 0.4.9 20.00 178.00 198.00 OK
r-oldrel-osx-x86_64 0.4.9 OK

Check Details

Version: 0.4.9
Check: package dependencies
Result: NOTE
    Suggests orphaned package: ‘doRNG’
Flavor: r-devel-linux-x86_64-fedora-clang