CRAN Package Check Results for Package insight

Last updated on 2020-07-12 13:47:01 CEST.

Flavor Version Tinstall Tcheck Ttotal Status Flags
r-devel-linux-x86_64-debian-clang 0.8.5 13.29 208.36 221.65 OK
r-devel-linux-x86_64-debian-gcc 0.8.5 11.98 155.74 167.72 OK
r-devel-linux-x86_64-fedora-clang 0.8.5 262.49 NOTE
r-devel-linux-x86_64-fedora-gcc 0.8.5 266.70 OK
r-devel-windows-ix86+x86_64 0.8.5 31.00 222.00 253.00 OK
r-patched-linux-x86_64 0.8.5 12.68 203.38 216.06 OK
r-patched-solaris-x86 0.8.5 355.00 OK
r-release-linux-x86_64 0.8.5 13.21 198.40 211.61 NOTE
r-release-macos-x86_64 0.8.5 OK
r-release-windows-ix86+x86_64 0.8.5 29.00 291.00 320.00 OK
r-oldrel-macos-x86_64 0.8.5 OK
r-oldrel-windows-ix86+x86_64 0.8.5 27.00 206.00 233.00 OK

Check Details

Version: 0.8.5
Check: Rd cross-references
Result: NOTE
    Undeclared package ‘emmeans’ in Rd xrefs
Flavor: r-devel-linux-x86_64-fedora-clang

Version: 0.8.5
Check: package dependencies
Result: NOTE
    Package suggested but not available for checking: ‘rstanarm’
Flavor: r-release-linux-x86_64