CRAN Package Check Results for Package ipdw

Last updated on 2021-04-13 06:46:53 CEST.

Flavor Version Tinstall Tcheck Ttotal Status Flags
r-devel-linux-x86_64-debian-clang 0.2-9 12.97 207.67 220.64 NOTE
r-devel-linux-x86_64-debian-gcc 0.2-9 12.04 161.79 173.83 NOTE
r-devel-linux-x86_64-fedora-clang 0.2-9 268.67 NOTE
r-devel-linux-x86_64-fedora-gcc 0.2-9 261.36 NOTE
r-devel-windows-ix86+x86_64 0.2-9 33.00 258.00 291.00 NOTE
r-devel-windows-x86_64-gcc10-UCRT 0.2-9 NOTE
r-patched-linux-x86_64 0.2-9 13.94 201.08 215.02 OK
r-patched-solaris-x86 0.2-9 424.40 OK
r-release-linux-x86_64 0.2-9 15.40 203.66 219.06 OK
r-release-macos-x86_64 0.2-9 OK
r-release-windows-ix86+x86_64 0.2-9 25.00 253.00 278.00 OK
r-oldrel-macos-x86_64 0.2-9 OK
r-oldrel-windows-ix86+x86_64 0.2-9 29.00 178.00 207.00 OK

Check Details

Version: 0.2-9
Check: LazyData
Result: NOTE
     'LazyData' is specified without a 'data' directory
Flavors: r-devel-linux-x86_64-debian-clang, r-devel-linux-x86_64-debian-gcc, r-devel-linux-x86_64-fedora-clang, r-devel-linux-x86_64-fedora-gcc, r-devel-windows-ix86+x86_64, r-devel-windows-x86_64-gcc10-UCRT