CRAN Package Check Results for Package irtoys

Last updated on 2019-11-14 08:46:19 CET.

Flavor Version Tinstall Tcheck Ttotal Status Flags
r-devel-linux-x86_64-debian-clang 0.2.1 12.13 89.56 101.69 NOTE
r-devel-linux-x86_64-debian-gcc 0.2.1 8.89 70.11 79.00 NOTE
r-devel-linux-x86_64-fedora-clang 0.2.1 122.91 OK
r-devel-linux-x86_64-fedora-gcc 0.2.1 124.86 OK
r-devel-windows-ix86+x86_64 0.2.1 28.00 183.00 211.00 NOTE
r-patched-linux-x86_64 0.2.1 11.36 86.80 98.16 OK
r-patched-solaris-x86 0.2.1 176.40 OK
r-release-linux-x86_64 0.2.1 11.26 87.49 98.75 OK
r-release-windows-ix86+x86_64 0.2.1 19.00 181.00 200.00 OK
r-release-osx-x86_64 0.2.1 FAIL
r-oldrel-windows-ix86+x86_64 0.2.1 14.00 171.00 185.00 OK
r-oldrel-osx-x86_64 0.2.1 OK

Check Details

Version: 0.2.1
Check: package vignettes
Result: NOTE
    Package vignette with placeholder title 'Vignette Title':
     'irtoys-vignette.Rmd'
Flavors: r-devel-linux-x86_64-debian-clang, r-devel-linux-x86_64-debian-gcc, r-devel-windows-ix86+x86_64

Version: 0.2.1
Check: whether package can be installed
Result: FAIL
    
Flavor: r-release-osx-x86_64