CRAN Package Check Results for Package isoband

Last updated on 2019-09-15 07:48:45 CEST.

Flavor Version Tinstall Tcheck Ttotal Status Flags
r-devel-linux-x86_64-debian-clang 0.2.0 60.80 48.57 109.37 OK
r-devel-linux-x86_64-debian-gcc 0.2.0 58.39 38.63 97.02 OK
r-devel-linux-x86_64-fedora-clang 0.2.0 202.21 NOTE
r-devel-linux-x86_64-fedora-gcc 0.2.0 171.21 OK
r-devel-windows-ix86+x86_64 0.2.0 190.00 124.00 314.00 OK
r-patched-linux-x86_64 0.2.0 68.67 47.81 116.48 OK
r-patched-solaris-x86 0.2.0 134.00 OK
r-release-linux-x86_64 0.2.0 66.21 47.46 113.67 OK
r-release-windows-ix86+x86_64 0.2.0 127.00 99.00 226.00 OK
r-release-osx-x86_64 0.2.0 NOTE
r-oldrel-windows-ix86+x86_64 0.2.0 177.00 80.00 257.00 OK
r-oldrel-osx-x86_64 0.2.0 NOTE

Check Details

Version: 0.2.0
Check: installed package size
Result: NOTE
     installed size is 9.6Mb
     sub-directories of 1Mb or more:
     doc 1.1Mb
     libs 7.3Mb
Flavors: r-devel-linux-x86_64-fedora-clang, r-release-osx-x86_64, r-oldrel-osx-x86_64