CRAN Package Check Results for Package jointDiag

Last updated on 2020-01-26 13:47:30 CET.

Flavor Version Tinstall Tcheck Ttotal Status Flags
r-devel-linux-x86_64-debian-clang 0.3 3.50 20.00 23.50 NOTE
r-devel-linux-x86_64-debian-gcc 0.3 2.88 15.80 18.68 NOTE
r-devel-linux-x86_64-fedora-clang 0.3 29.78 NOTE
r-devel-linux-x86_64-fedora-gcc 0.3 28.78 NOTE
r-devel-windows-ix86+x86_64 0.3 19.00 48.00 67.00 NOTE
r-devel-windows-ix86+x86_64-gcc8 0.3 13.00 51.00 64.00 NOTE
r-patched-linux-x86_64 0.3 2.68 18.32 21.00 OK
r-patched-solaris-x86 0.3 40.60 OK
r-release-linux-x86_64 0.3 2.79 18.59 21.38 OK
r-release-windows-ix86+x86_64 0.3 12.00 55.00 67.00 OK
r-release-osx-x86_64 0.3 OK
r-oldrel-windows-ix86+x86_64 0.3 8.00 32.00 40.00 OK
r-oldrel-osx-x86_64 0.3 OK

Check Details

Version: 0.3
Check: use of PKG_*FLAGS in Makefiles
Result: NOTE
     PKG_CXXFLAGS set in 'src/Makevars' without any corresponding files
     PKG_CXXFLAGS set in 'src/Makevars.win' without any corresponding files
Flavors: r-devel-linux-x86_64-debian-clang, r-devel-linux-x86_64-debian-gcc, r-devel-linux-x86_64-fedora-clang, r-devel-linux-x86_64-fedora-gcc, r-devel-windows-ix86+x86_64, r-devel-windows-ix86+x86_64-gcc8