CRAN Package Check Results for Package jointDiag

Last updated on 2019-09-16 09:51:21 CEST.

Flavor Version Tinstall Tcheck Ttotal Status Flags
r-devel-linux-x86_64-debian-clang 0.3 3.22 18.75 21.97 NOTE
r-devel-linux-x86_64-debian-gcc 0.3 2.46 14.86 17.32 NOTE
r-devel-linux-x86_64-fedora-clang 0.3 28.13 NOTE
r-devel-linux-x86_64-fedora-gcc 0.3 26.79 NOTE
r-devel-windows-ix86+x86_64 0.3 19.00 46.00 65.00 NOTE
r-patched-linux-x86_64 0.3 2.71 19.01 21.72 OK
r-patched-solaris-x86 0.3 40.00 OK
r-release-linux-x86_64 0.3 3.21 19.25 22.46 OK
r-release-windows-ix86+x86_64 0.3 12.00 55.00 67.00 OK
r-release-osx-x86_64 0.3 OK
r-oldrel-windows-ix86+x86_64 0.3 8.00 32.00 40.00 OK
r-oldrel-osx-x86_64 0.3 OK

Check Details

Version: 0.3
Check: use of PKG_*FLAGS in Makefiles
Result: NOTE
     PKG_CXXFLAGS set in 'src/Makevars' without any corresponding files
     PKG_CXXFLAGS set in 'src/Makevars.win' without any corresponding files
Flavors: r-devel-linux-x86_64-debian-clang, r-devel-linux-x86_64-debian-gcc, r-devel-linux-x86_64-fedora-clang, r-devel-linux-x86_64-fedora-gcc, r-devel-windows-ix86+x86_64