CRAN Package Check Results for Package jsTree

Last updated on 2019-12-14 11:49:54 CET.

Flavor Version Tinstall Tcheck Ttotal Status Flags
r-devel-linux-x86_64-debian-clang 1.0.1 3.74 28.59 32.33 OK
r-devel-linux-x86_64-debian-gcc 1.0.1 2.99 22.91 25.90 OK
r-devel-linux-x86_64-fedora-clang 1.0.1 39.93 OK
r-devel-linux-x86_64-fedora-gcc 1.0.1 38.04 OK
r-devel-windows-ix86+x86_64 1.0.1 10.00 56.00 66.00 OK
r-devel-windows-ix86+x86_64-gcc8 1.0.1 11.00 60.00 71.00 OK
r-patched-linux-x86_64 1.0.1 3.10 26.74 29.84 OK
r-patched-solaris-x86 1.0.1 56.90 NOTE
r-release-linux-x86_64 1.0.1 3.01 26.60 29.61 OK
r-release-windows-ix86+x86_64 1.0.1 9.00 41.00 50.00 OK
r-release-osx-x86_64 1.0.1 OK
r-oldrel-windows-ix86+x86_64 1.0.1 6.00 36.00 42.00 OK
r-oldrel-osx-x86_64 1.0.1 OK

Check Details

Version: 1.0.1
Check: installed package size
Result: NOTE
     installed size is 5.1Mb
     sub-directories of 1Mb or more:
     htmlwidgets 5.0Mb
Flavor: r-patched-solaris-x86