CRAN Package Check Results for Package jsTree

Last updated on 2019-08-21 10:47:29 CEST.

Flavor Version Tinstall Tcheck Ttotal Status Flags
r-devel-linux-x86_64-debian-clang 1.0.1 3.14 26.82 29.96 OK
r-devel-linux-x86_64-debian-gcc 1.0.1 2.73 21.38 24.11 OK
r-devel-linux-x86_64-fedora-clang 1.0.1 37.42 OK
r-devel-linux-x86_64-fedora-gcc 1.0.1 34.93 OK
r-devel-windows-ix86+x86_64 1.0.1 14.00 58.00 72.00 OK
r-patched-linux-x86_64 1.0.1 3.17 26.09 29.26 OK
r-patched-solaris-x86 1.0.1 58.00 NOTE
r-release-linux-x86_64 1.0.1 3.00 26.04 29.04 OK
r-release-windows-ix86+x86_64 1.0.1 9.00 41.00 50.00 OK
r-release-osx-x86_64 1.0.1 OK
r-oldrel-windows-ix86+x86_64 1.0.1 10.00 54.00 64.00 OK
r-oldrel-osx-x86_64 1.0.1 OK

Check Details

Version: 1.0.1
Check: installed package size
Result: NOTE
     installed size is 5.1Mb
     sub-directories of 1Mb or more:
     htmlwidgets 5.0Mb
Flavor: r-patched-solaris-x86