CRAN Package Check Results for Package jwutil

Last updated on 2019-09-23 13:46:22 CEST.

Flavor Version Tinstall Tcheck Ttotal Status Flags
r-devel-linux-x86_64-debian-clang 1.2.3 61.00 38.20 99.20 OK
r-devel-linux-x86_64-debian-gcc 1.2.3 48.11 30.02 78.13 OK
r-devel-linux-x86_64-fedora-clang 1.2.3 144.82 NOTE
r-devel-linux-x86_64-fedora-gcc 1.2.3 136.48 OK
r-devel-windows-ix86+x86_64 1.2.3 163.00 106.00 269.00 OK
r-patched-linux-x86_64 1.2.3 50.88 37.97 88.85 OK
r-patched-solaris-x86 1.2.3 108.40 OK
r-release-linux-x86_64 1.2.3 49.07 37.80 86.87 OK
r-release-windows-ix86+x86_64 1.2.3 170.00 114.00 284.00 OK
r-release-osx-x86_64 1.2.3 NOTE
r-oldrel-windows-ix86+x86_64 1.2.3 105.00 73.00 178.00 OK
r-oldrel-osx-x86_64 1.2.3 NOTE

Check Details

Version: 1.2.3
Check: installed package size
Result: NOTE
     installed size is 6.4Mb
     sub-directories of 1Mb or more:
     libs 6.1Mb
Flavors: r-devel-linux-x86_64-fedora-clang, r-release-osx-x86_64, r-oldrel-osx-x86_64