CRAN Package Check Results for Package keras

Last updated on 2019-09-24 10:51:24 CEST.

Flavor Version Tinstall Tcheck Ttotal Status Flags
r-devel-linux-x86_64-debian-clang 2.2.4.1 15.46 155.15 170.61 OK
r-devel-linux-x86_64-debian-gcc 2.2.4.1 14.30 124.80 139.10 OK
r-devel-linux-x86_64-fedora-clang 2.2.4.1 212.84 NOTE
r-devel-linux-x86_64-fedora-gcc 2.2.4.1 210.47 OK
r-devel-windows-ix86+x86_64 2.2.4.1 51.00 269.00 320.00 NOTE
r-patched-linux-x86_64 2.2.4.1 16.27 151.33 167.60 OK
r-patched-solaris-x86 2.2.4.1 302.80 NOTE
r-release-linux-x86_64 2.2.4.1 15.44 154.12 169.56 OK
r-release-windows-ix86+x86_64 2.2.4.1 42.00 248.00 290.00 NOTE
r-release-osx-x86_64 2.2.4.1 NOTE
r-oldrel-windows-ix86+x86_64 2.2.4.1 23.00 143.00 166.00 NOTE
r-oldrel-osx-x86_64 2.2.4.1 NOTE

Check Details

Version: 2.2.4.1
Check: installed package size
Result: NOTE
     installed size is 5.9Mb
     sub-directories of 1Mb or more:
     doc 4.4Mb
Flavors: r-devel-linux-x86_64-fedora-clang, r-devel-windows-ix86+x86_64, r-patched-solaris-x86, r-release-windows-ix86+x86_64, r-release-osx-x86_64, r-oldrel-windows-ix86+x86_64, r-oldrel-osx-x86_64