CRAN Package Check Results for Package knitcitations

Last updated on 2019-08-18 10:46:16 CEST.

Flavor Version Tinstall Tcheck Ttotal Status Flags
r-devel-linux-x86_64-debian-clang 1.0.8 3.49 40.30 43.79 NOTE
r-devel-linux-x86_64-debian-gcc 1.0.8 3.03 32.42 35.45 NOTE
r-devel-linux-x86_64-fedora-clang 1.0.8 54.78 NOTE
r-devel-linux-x86_64-fedora-gcc 1.0.8 50.48 NOTE
r-devel-windows-ix86+x86_64 1.0.8 10.00 85.00 95.00 OK
r-patched-linux-x86_64 1.0.8 3.19 40.12 43.31 OK
r-patched-solaris-x86 1.0.8 81.40 OK
r-release-linux-x86_64 1.0.8 3.15 39.62 42.77 OK
r-release-windows-ix86+x86_64 1.0.8 9.00 58.00 67.00 OK
r-release-osx-x86_64 1.0.8 OK
r-oldrel-windows-ix86+x86_64 1.0.8 8.00 75.00 83.00 OK
r-oldrel-osx-x86_64 1.0.8 OK

Check Details

Version: 1.0.8
Check: for non-standard things in the check directory
Result: NOTE
    Found the following files/directories:
     'knitcitations.bib'
Flavors: r-devel-linux-x86_64-debian-clang, r-devel-linux-x86_64-debian-gcc, r-devel-linux-x86_64-fedora-clang, r-devel-linux-x86_64-fedora-gcc