CRAN Package Check Results for Package knitr

Last updated on 2020-09-29 06:46:54 CEST.

Flavor Version Tinstall Tcheck Ttotal Status Flags
r-devel-linux-x86_64-debian-clang 1.30 13.02 89.87 102.89 OK
r-devel-linux-x86_64-debian-gcc 1.30 9.63 68.35 77.98 OK
r-devel-linux-x86_64-fedora-clang 1.30 128.45 OK
r-devel-linux-x86_64-fedora-gcc 1.30 128.46 OK
r-devel-windows-ix86+x86_64 1.30 18.00 124.00 142.00 OK
r-patched-linux-x86_64 1.30 13.90 85.06 98.96 OK
r-patched-solaris-x86 1.30 152.40 NOTE
r-release-linux-x86_64 1.30 11.53 85.60 97.13 OK
r-release-macos-x86_64 1.30 OK
r-release-windows-ix86+x86_64 1.30 14.00 104.00 118.00 OK
r-oldrel-macos-x86_64 1.30 OK
r-oldrel-windows-ix86+x86_64 1.30 14.00 114.00 128.00 OK

Check Details

Version: 1.30
Check: package dependencies
Result: NOTE
    Package suggested but not available for checking: ‘gifski’
Flavor: r-patched-solaris-x86