CRAN Package Check Results for Package kyotil

Last updated on 2019-10-22 13:46:22 CEST.

Flavor Version Tinstall Tcheck Ttotal Status Flags
r-devel-linux-x86_64-debian-clang 2018.10-17 11.56 52.89 64.45 NOTE
r-devel-linux-x86_64-debian-gcc 2018.10-17 8.82 41.48 50.30 NOTE
r-devel-linux-x86_64-fedora-clang 2018.10-17 77.43 NOTE
r-devel-linux-x86_64-fedora-gcc 2018.10-17 75.24 NOTE
r-devel-windows-ix86+x86_64 2018.10-17 30.00 110.00 140.00 NOTE
r-patched-linux-x86_64 2018.10-17 9.30 52.90 62.20 OK
r-patched-solaris-x86 2018.10-17 102.40 OK
r-release-linux-x86_64 2018.10-17 10.43 54.32 64.75 OK
r-release-windows-ix86+x86_64 2018.10-17 33.00 82.00 115.00 OK
r-release-osx-x86_64 2018.10-17 OK
r-oldrel-windows-ix86+x86_64 2018.10-17 25.00 103.00 128.00 OK
r-oldrel-osx-x86_64 2018.10-17 OK

Check Details

Version: 2018.10-17
Check: use of PKG_*FLAGS in Makefiles
Result: NOTE
     PKG_CXXFLAGS set in 'src/Makevars.win' without any corresponding files
Flavors: r-devel-linux-x86_64-debian-clang, r-devel-linux-x86_64-debian-gcc, r-devel-linux-x86_64-fedora-clang, r-devel-linux-x86_64-fedora-gcc, r-devel-windows-ix86+x86_64

Version: 2018.10-17
Check: for non-standard things in the check directory
Result: NOTE
    Found the following files/directories:
     'tmp.pdf' 'tmp.png'
Flavors: r-devel-linux-x86_64-debian-clang, r-devel-linux-x86_64-debian-gcc, r-devel-linux-x86_64-fedora-clang, r-devel-linux-x86_64-fedora-gcc