Last updated on 2021-03-07 06:48:07 CET.
Flavor | Version | Tinstall | Tcheck | Ttotal | Status | Flags |
---|---|---|---|---|---|---|
r-devel-linux-x86_64-debian-clang | 2.0.0 | 20.39 | 28.50 | 48.89 | NOTE | |
r-devel-linux-x86_64-debian-gcc | 2.0.0 | 11.45 | 22.37 | 33.82 | NOTE | |
r-devel-linux-x86_64-fedora-clang | 2.0.0 | 73.21 | NOTE | |||
r-devel-linux-x86_64-fedora-gcc | 2.0.0 | 57.21 | NOTE | |||
r-devel-windows-ix86+x86_64 | 2.0.0 | 48.00 | 77.00 | 125.00 | NOTE | |
r-devel-windows-x86_64-gcc10-UCRT | 2.0.0 | NOTE | ||||
r-patched-linux-x86_64 | 2.0.0 | 14.52 | 27.41 | 41.93 | NOTE | |
r-patched-solaris-x86 | 2.0.0 | 79.80 | NOTE | |||
r-release-linux-x86_64 | 2.0.0 | 19.17 | 27.28 | 46.45 | NOTE | |
r-release-macos-x86_64 | 2.0.0 | NOTE | ||||
r-release-windows-ix86+x86_64 | 2.0.0 | 52.00 | 56.00 | 108.00 | NOTE | |
r-oldrel-macos-x86_64 | 2.0.0 | NOTE | ||||
r-oldrel-windows-ix86+x86_64 | 2.0.0 | 74.00 | 51.00 | 125.00 | NOTE |
Version: 2.0.0
Check: for GNU extensions in Makefiles
Result: NOTE
GNU make is a SystemRequirements.
Flavors: r-devel-linux-x86_64-debian-clang, r-devel-linux-x86_64-debian-gcc, r-devel-linux-x86_64-fedora-clang, r-devel-linux-x86_64-fedora-gcc, r-devel-windows-ix86+x86_64, r-devel-windows-x86_64-gcc10-UCRT, r-patched-linux-x86_64, r-patched-solaris-x86, r-release-linux-x86_64, r-release-macos-x86_64, r-release-windows-ix86+x86_64, r-oldrel-macos-x86_64, r-oldrel-windows-ix86+x86_64
Version: 2.0.0
Check: Rd cross-references
Result: NOTE
Undeclared package ‘gsl’ in Rd xrefs
Flavor: r-devel-linux-x86_64-fedora-clang