Last updated on 2021-01-15 07:50:47 CET.
Flavor | Version | Tinstall | Tcheck | Ttotal | Status | Flags |
---|---|---|---|---|---|---|
r-devel-linux-x86_64-debian-clang | 1.5.1 | 146.04 | 351.97 | 498.01 | OK | |
r-devel-linux-x86_64-debian-gcc | 1.5.1 | 92.20 | 270.04 | 362.24 | OK | |
r-devel-linux-x86_64-fedora-clang | 1.5.1 | 621.54 | NOTE | |||
r-devel-linux-x86_64-fedora-gcc | 1.5.1 | 601.73 | OK | |||
r-devel-windows-ix86+x86_64 | 1.5.1 | 334.00 | 726.00 | 1060.00 | OK | |
r-patched-linux-x86_64 | 1.5.1 | 112.82 | 337.90 | 450.72 | OK | |
r-patched-solaris-x86 | 1.5.1 | 670.30 | NOTE | |||
r-release-linux-x86_64 | 1.5.1 | 109.26 | 342.36 | 451.62 | OK | |
r-release-macos-x86_64 | 1.5.1 | OK | ||||
r-release-windows-ix86+x86_64 | 1.5.1 | 261.00 | 598.00 | 859.00 | OK | |
r-oldrel-macos-x86_64 | 1.5.1 | NOTE | ||||
r-oldrel-windows-ix86+x86_64 | 1.5.1 | 215.00 | 518.00 | 733.00 | OK |
Version: 1.5.1
Check: installed package size
Result: NOTE
installed size is 6.0Mb
sub-directories of 1Mb or more:
libs 4.2Mb
Flavors: r-devel-linux-x86_64-fedora-clang, r-oldrel-macos-x86_64
Version: 1.5.1
Check: package dependencies
Result: NOTE
Package which this enhances but not available for checking: ‘terra’
Flavor: r-patched-solaris-x86