Last updated on 2021-01-15 07:50:47 CET.
Flavor | Version | Tinstall | Tcheck | Ttotal | Status | Flags |
---|---|---|---|---|---|---|
r-devel-linux-x86_64-debian-clang | 0.1.2 | 4.76 | 96.13 | 100.89 | OK | |
r-devel-linux-x86_64-debian-gcc | 0.1.2 | 3.79 | 71.10 | 74.89 | OK | |
r-devel-linux-x86_64-fedora-clang | 0.1.2 | 126.90 | NOTE | |||
r-devel-linux-x86_64-fedora-gcc | 0.1.2 | 117.84 | NOTE | |||
r-devel-windows-ix86+x86_64 | 0.1.2 | 13.00 | 123.00 | 136.00 | OK | |
r-patched-linux-x86_64 | 0.1.2 | 3.13 | 89.50 | 92.63 | OK | |
r-patched-solaris-x86 | 0.1.2 | 158.60 | NOTE | |||
r-release-linux-x86_64 | 0.1.2 | 3.28 | 90.78 | 94.06 | OK | |
r-release-macos-x86_64 | 0.1.2 | NOTE | ||||
r-release-windows-ix86+x86_64 | 0.1.2 | 10.00 | 91.00 | 101.00 | OK | |
r-oldrel-macos-x86_64 | 0.1.2 | NOTE | ||||
r-oldrel-windows-ix86+x86_64 | 0.1.2 | 6.00 | 91.00 | 97.00 | OK |
Version: 0.1.2
Check: dependencies in R code
Result: NOTE
Namespaces in Imports field not imported from:
‘data.table’ ‘utf8’
All declared Imports should be used.
Flavors: r-devel-linux-x86_64-fedora-clang, r-devel-linux-x86_64-fedora-gcc, r-patched-solaris-x86, r-release-macos-x86_64, r-oldrel-macos-x86_64