CRAN Package Check Results for Package lda

Last updated on 2020-02-17 13:49:40 CET.

Flavor Version Tinstall Tcheck Ttotal Status Flags
r-devel-linux-x86_64-debian-clang 1.4.2 3.88 40.80 44.68 OK
r-devel-linux-x86_64-debian-gcc 1.4.2 3.52 33.17 36.69 OK
r-devel-linux-x86_64-fedora-clang 1.4.2 54.73 NOTE
r-devel-linux-x86_64-fedora-gcc 1.4.2 54.35 NOTE
r-devel-windows-ix86+x86_64 1.4.2 12.00 65.00 77.00 OK
r-devel-windows-ix86+x86_64-gcc8 1.4.2 15.00 99.00 114.00 OK
r-patched-linux-x86_64 1.4.2 3.55 36.48 40.03 OK
r-patched-solaris-x86 1.4.2 81.30 OK
r-release-linux-x86_64 1.4.2 3.55 37.19 40.74 OK
r-release-windows-ix86+x86_64 1.4.2 9.00 62.00 71.00 OK
r-release-osx-x86_64 1.4.2 OK
r-oldrel-windows-ix86+x86_64 1.4.2 10.00 55.00 65.00 OK
r-oldrel-osx-x86_64 1.4.2 OK

Check Details

Version: 1.4.2
Check: compiled code
Result: NOTE
    File ‘lda/libs/lda.so’:
     Found no calls to: ‘R_registerRoutines’, ‘R_useDynamicSymbols’
    
    It is good practice to register native routines and to disable symbol
    search.
    
    See ‘Writing portable packages’ in the ‘Writing R Extensions’ manual.
Flavors: r-devel-linux-x86_64-fedora-clang, r-devel-linux-x86_64-fedora-gcc