CRAN Package Check Results for Package lda

Last updated on 2019-09-22 13:46:14 CEST.

Flavor Version Tinstall Tcheck Ttotal Status Flags
r-devel-linux-x86_64-debian-clang 1.4.2 3.97 37.08 41.05 OK
r-devel-linux-x86_64-debian-gcc 1.4.2 3.49 31.40 34.89 OK
r-devel-linux-x86_64-fedora-clang 1.4.2 51.28 NOTE
r-devel-linux-x86_64-fedora-gcc 1.4.2 51.01 NOTE
r-devel-windows-ix86+x86_64 1.4.2 15.00 84.00 99.00 OK
r-patched-linux-x86_64 1.4.2 3.22 37.73 40.95 OK
r-patched-solaris-x86 1.4.2 79.90 OK
r-release-linux-x86_64 1.4.2 4.02 37.75 41.77 OK
r-release-windows-ix86+x86_64 1.4.2 11.00 59.00 70.00 OK
r-release-osx-x86_64 1.4.2 OK
r-oldrel-windows-ix86+x86_64 1.4.2 9.00 48.00 57.00 OK
r-oldrel-osx-x86_64 1.4.2 OK

Check Details

Version: 1.4.2
Check: compiled code
Result: NOTE
    File ‘lda/libs/lda.so’:
     Found no calls to: ‘R_registerRoutines’, ‘R_useDynamicSymbols’
    
    It is good practice to register native routines and to disable symbol
    search.
    
    See ‘Writing portable packages’ in the ‘Writing R Extensions’ manual.
Flavors: r-devel-linux-x86_64-fedora-clang, r-devel-linux-x86_64-fedora-gcc