CRAN Package Check Results for Package ldamatch

Last updated on 2020-10-29 13:48:47 CET.

Flavor Version Tinstall Tcheck Ttotal Status Flags
r-devel-linux-x86_64-debian-clang 1.0.1 7.15 168.22 175.37 OK
r-devel-linux-x86_64-debian-gcc 1.0.1 5.62 120.63 126.25 OK
r-devel-linux-x86_64-fedora-clang 1.0.1 207.68 OK
r-devel-linux-x86_64-fedora-gcc 1.0.1 204.89 OK
r-devel-windows-ix86+x86_64 1.0.1 15.00 241.00 256.00 NOTE
r-patched-linux-x86_64 1.0.1 6.74 159.11 165.85 OK
r-patched-solaris-x86 1.0.1 456.40 OK
r-release-linux-x86_64 1.0.1 6.99 158.48 165.47 OK
r-release-macos-x86_64 1.0.1 OK
r-release-windows-ix86+x86_64 1.0.1 11.00 244.00 255.00 NOTE
r-oldrel-macos-x86_64 1.0.1 OK
r-oldrel-windows-ix86+x86_64 1.0.1 13.00 234.00 247.00 NOTE

Check Details

Version: 1.0.1
Check: package dependencies
Result: NOTE
    Package suggested but not available for checking: 'doMC'
Flavors: r-devel-windows-ix86+x86_64, r-release-windows-ix86+x86_64, r-oldrel-windows-ix86+x86_64