CRAN Package Check Results for Package lfe

Last updated on 2019-12-06 13:48:39 CET.

Flavor Version Tinstall Tcheck Ttotal Status Flags
r-devel-linux-x86_64-debian-clang 2.8-3 21.11 216.74 237.85 OK
r-devel-linux-x86_64-debian-gcc 2.8-3 15.31 172.13 187.44 OK
r-devel-linux-x86_64-fedora-clang 2.8-3 296.38 NOTE
r-devel-linux-x86_64-fedora-gcc 2.8-3 301.17 NOTE
r-devel-windows-ix86+x86_64 2.8-3 40.00 410.00 450.00 OK
r-devel-windows-ix86+x86_64-gcc8 2.8-3 43.00 357.00 400.00 OK
r-patched-linux-x86_64 2.8-3 16.59 206.27 222.86 OK
r-patched-solaris-x86 2.8-3 286.30 NOTE --no-vignettes
r-release-linux-x86_64 2.8-3 17.38 207.95 225.33 OK
r-release-windows-ix86+x86_64 2.8-3 54.00 298.00 352.00 OK
r-release-osx-x86_64 2.8-3 OK
r-oldrel-windows-ix86+x86_64 2.8-3 30.00 369.00 399.00 OK
r-oldrel-osx-x86_64 2.8-3 OK

Additional issues

gcc10

Check Details

Version: 2.8-3
Check: top-level files
Result: NOTE
    ‘cleanup’: /bin/bash is not portable
Flavors: r-devel-linux-x86_64-fedora-clang, r-devel-linux-x86_64-fedora-gcc

Version: 2.8-3
Flags: --no-vignettes
Check: compilation flags used
Result: NOTE
    Compilation used the following non-portable flag(s):
     ‘-mt’
Flavor: r-patched-solaris-x86