CRAN Package Check Results for Package lfe

Last updated on 2019-08-19 13:46:53 CEST.

Flavor Version Tinstall Tcheck Ttotal Status Flags
r-devel-linux-x86_64-debian-clang 2.8-3 18.13 204.94 223.07 OK
r-devel-linux-x86_64-debian-gcc 2.8-3 15.10 166.95 182.05 OK
r-devel-linux-x86_64-fedora-clang 2.8-3 271.70 OK
r-devel-linux-x86_64-fedora-gcc 2.8-3 274.94 OK
r-devel-windows-ix86+x86_64 2.8-3 65.00 397.00 462.00 OK
r-patched-linux-x86_64 2.8-3 13.92 207.42 221.34 OK
r-patched-solaris-x86 2.8-3 309.60 NOTE --no-vignettes
r-release-linux-x86_64 2.8-3 15.32 209.69 225.01 OK
r-release-windows-ix86+x86_64 2.8-3 34.00 284.00 318.00 OK
r-release-osx-x86_64 2.8-3 OK
r-oldrel-windows-ix86+x86_64 2.8-3 48.00 361.00 409.00 OK
r-oldrel-osx-x86_64 2.8-3 OK

Check Details

Version: 2.8-3
Flags: --no-vignettes
Check: compilation flags used
Result: NOTE
    Compilation used the following non-portable flag(s):
     ‘-mt’
Flavor: r-patched-solaris-x86