CRAN Package Check Results for Package lfl

Last updated on 2021-01-25 08:48:46 CET.

Flavor Version Tinstall Tcheck Ttotal Status Flags
r-devel-linux-x86_64-debian-clang 2.1.1 79.35 117.04 196.39 OK
r-devel-linux-x86_64-debian-gcc 2.1.1 52.28 86.05 138.33 OK
r-devel-linux-x86_64-fedora-clang 2.1.1 263.69 OK
r-devel-linux-x86_64-fedora-gcc 2.1.1 237.26 OK
r-devel-windows-ix86+x86_64 2.1.1 180.00 240.00 420.00 NOTE
r-patched-linux-x86_64 2.1.1 62.26 108.46 170.72 OK
r-patched-solaris-x86 2.1.1 264.80 OK
r-release-linux-x86_64 2.1.1 62.06 109.47 171.53 OK
r-release-macos-x86_64 2.1.1 OK
r-release-windows-ix86+x86_64 2.1.1 171.00 181.00 352.00 NOTE
r-oldrel-macos-x86_64 2.1.1 OK
r-oldrel-windows-ix86+x86_64 2.1.1 134.00 242.00 376.00 NOTE

Check Details

Version: 2.1.1
Check: package dependencies
Result: NOTE
    Package suggested but not available for checking: 'doMC'
Flavors: r-devel-windows-ix86+x86_64, r-release-windows-ix86+x86_64, r-oldrel-windows-ix86+x86_64

Version: 2.1.1
Check: Rd cross-references
Result: NOTE
    Package unavailable to check Rd xrefs: 'doMC'
Flavors: r-devel-windows-ix86+x86_64, r-release-windows-ix86+x86_64, r-oldrel-windows-ix86+x86_64