Last updated on 2021-04-11 06:47:03 CEST.
Flavor | Version | Tinstall | Tcheck | Ttotal | Status | Flags |
---|---|---|---|---|---|---|
r-devel-linux-x86_64-debian-clang | 1.0.0 | 2.43 | 37.61 | 40.04 | NOTE | |
r-devel-linux-x86_64-debian-gcc | 1.0.0 | 1.95 | 28.52 | 30.47 | NOTE | |
r-devel-linux-x86_64-fedora-clang | 1.0.0 | 56.83 | NOTE | |||
r-devel-linux-x86_64-fedora-gcc | 1.0.0 | 46.18 | NOTE | |||
r-devel-windows-ix86+x86_64 | 1.0.0 | 5.00 | 42.00 | 47.00 | NOTE | |
r-devel-windows-x86_64-gcc10-UCRT | 1.0.0 | NOTE | ||||
r-patched-linux-x86_64 | 1.0.0 | 2.60 | 34.78 | 37.38 | OK | |
r-patched-solaris-x86 | 1.0.0 | 71.90 | OK | |||
r-release-linux-x86_64 | 1.0.0 | 2.37 | 35.12 | 37.49 | OK | |
r-release-macos-x86_64 | 1.0.0 | OK | ||||
r-release-windows-ix86+x86_64 | 1.0.0 | 5.00 | 44.00 | 49.00 | OK | |
r-oldrel-macos-x86_64 | 1.0.0 | OK | ||||
r-oldrel-windows-ix86+x86_64 | 1.0.0 | 4.00 | 51.00 | 55.00 | OK |
Version: 1.0.0
Check: LazyData
Result: NOTE
'LazyData' is specified without a 'data' directory
Flavors: r-devel-linux-x86_64-debian-clang, r-devel-linux-x86_64-debian-gcc, r-devel-linux-x86_64-fedora-clang, r-devel-linux-x86_64-fedora-gcc, r-devel-windows-ix86+x86_64, r-devel-windows-x86_64-gcc10-UCRT