CRAN Package Check Results for Package lillies

Last updated on 2021-01-15 07:50:47 CET.

Flavor Version Tinstall Tcheck Ttotal Status Flags
r-devel-linux-x86_64-debian-clang 0.2.8 5.06 72.10 77.16 OK
r-devel-linux-x86_64-debian-gcc 0.2.8 3.58 56.07 59.65 OK
r-devel-linux-x86_64-fedora-clang 0.2.8 100.97 NOTE
r-devel-linux-x86_64-fedora-gcc 0.2.8 94.13 NOTE
r-devel-windows-ix86+x86_64 0.2.8 12.00 98.00 110.00 OK
r-patched-linux-x86_64 0.2.8 4.40 70.26 74.66 OK
r-patched-solaris-x86 0.2.8 133.90 NOTE
r-release-linux-x86_64 0.2.8 4.69 68.85 73.54 OK
r-release-macos-x86_64 0.2.8 NOTE
r-release-windows-ix86+x86_64 0.2.8 9.00 80.00 89.00 OK
r-oldrel-macos-x86_64 0.2.8 NOTE
r-oldrel-windows-ix86+x86_64 0.2.8 5.00 75.00 80.00 OK

Check Details

Version: 0.2.8
Check: dependencies in R code
Result: NOTE
    Namespace in Imports field not imported from: ‘ddpcr’
     All declared Imports should be used.
Flavors: r-devel-linux-x86_64-fedora-clang, r-devel-linux-x86_64-fedora-gcc, r-patched-solaris-x86, r-release-macos-x86_64, r-oldrel-macos-x86_64