CRAN Package Check Results for Package lime

Last updated on 2020-07-12 13:47:02 CEST.

Flavor Version Tinstall Tcheck Ttotal Status Flags
r-devel-linux-x86_64-debian-clang 0.5.1 48.17 157.02 205.19 OK
r-devel-linux-x86_64-debian-gcc 0.5.1 33.71 128.18 161.89 OK
r-devel-linux-x86_64-fedora-clang 0.5.1 265.66 OK
r-devel-linux-x86_64-fedora-gcc 0.5.1 255.46 OK
r-devel-windows-ix86+x86_64 0.5.1 104.00 370.00 474.00 OK
r-patched-linux-x86_64 0.5.1 35.79 162.02 197.81 OK
r-patched-solaris-x86 0.5.1 492.70 WARN
r-release-linux-x86_64 0.5.1 35.11 161.03 196.14 OK
r-release-macos-x86_64 0.5.1 OK
r-release-windows-ix86+x86_64 0.5.1 141.00 263.00 404.00 OK
r-oldrel-macos-x86_64 0.5.1 WARN
r-oldrel-windows-ix86+x86_64 0.5.1 122.00 254.00 376.00 OK

Check Details

Version: 0.5.1
Check: re-building of vignette outputs
Result: WARN
    Error(s) in re-building vignettes:
     ...
    --- re-building ‘Understanding_lime.Rmd’ using rmarkdown
    Warning in engine$weave(file, quiet = quiet, encoding = enc) :
     Pandoc (>= 1.12.3) and/or pandoc-citeproc not available. Falling back to R Markdown v1.
    Quitting from lines 262-263 (Understanding_lime.Rmd)
    Error: processing vignette 'Understanding_lime.Rmd' failed with diagnostics:
    there is no package called 'webshot'
    --- failed re-building ‘Understanding_lime.Rmd’
    
    SUMMARY: processing the following file failed:
     ‘Understanding_lime.Rmd’
    
    Error: Vignette re-building failed.
    Execution halted
Flavor: r-patched-solaris-x86

Version: 0.5.1
Check: re-building of vignette outputs
Result: WARN
    Error(s) in re-building vignettes:
     ...
    --- re-building ‘Understanding_lime.Rmd’ using rmarkdown
    Warning in engine$weave(file, quiet = quiet, encoding = enc) :
     Pandoc (>= 1.12.3) and/or pandoc-citeproc not available. Falling back to R Markdown v1.
    Quitting from lines 262-263 (Understanding_lime.Rmd)
    Error: processing vignette 'Understanding_lime.Rmd' failed with diagnostics:
    cannot open the connection
    --- failed re-building ‘Understanding_lime.Rmd’
    
    SUMMARY: processing the following file failed:
     ‘Understanding_lime.Rmd’
    
    Error: Vignette re-building failed.
    Execution halted
Flavor: r-oldrel-macos-x86_64