CRAN Package Check Results for Package lisa

Last updated on 2020-01-25 13:46:43 CET.

Flavor Version Tinstall Tcheck Ttotal Status Flags
r-devel-linux-x86_64-debian-clang 0.1.1 1.93 22.67 24.60 OK
r-devel-linux-x86_64-debian-gcc 0.1.1 1.66 18.41 20.07 OK
r-devel-linux-x86_64-fedora-clang 0.1.1 31.97 NOTE
r-devel-linux-x86_64-fedora-gcc 0.1.1 30.75 NOTE
r-devel-windows-ix86+x86_64 0.1.1 9.00 49.00 58.00 OK
r-devel-windows-ix86+x86_64-gcc8 0.1.1 8.00 37.00 45.00 OK
r-patched-linux-x86_64 0.1.1 1.50 21.23 22.73 OK
r-patched-solaris-x86 0.1.1 45.20 NOTE
r-release-linux-x86_64 0.1.1 1.54 20.87 22.41 OK
r-release-windows-ix86+x86_64 0.1.1 6.00 49.00 55.00 OK
r-release-osx-x86_64 0.1.1 NOTE
r-oldrel-windows-ix86+x86_64 0.1.1 3.00 34.00 37.00 OK
r-oldrel-osx-x86_64 0.1.1 NOTE

Check Details

Version: 0.1.1
Check: data for non-ASCII characters
Result: NOTE
     Note: found 28 marked UTF-8 strings
Flavors: r-devel-linux-x86_64-fedora-clang, r-devel-linux-x86_64-fedora-gcc, r-patched-solaris-x86, r-release-osx-x86_64, r-oldrel-osx-x86_64