CRAN Package Check Results for Package lisa

Last updated on 2019-08-23 13:46:56 CEST.

Flavor Version Tinstall Tcheck Ttotal Status Flags
r-devel-linux-x86_64-debian-clang 0.1.0 1.82 16.55 18.37 OK
r-devel-linux-x86_64-debian-gcc 0.1.0 OK
r-devel-linux-x86_64-fedora-clang 0.1.0 24.37 NOTE
r-devel-linux-x86_64-fedora-gcc 0.1.0 22.20 NOTE
r-devel-windows-ix86+x86_64 0.1.0 7.00 38.00 45.00 OK
r-patched-linux-x86_64 0.1.0 1.39 16.72 18.11 OK
r-patched-solaris-x86 0.1.0 37.50 NOTE
r-release-linux-x86_64 0.1.0 1.56 16.68 18.24 OK
r-release-windows-ix86+x86_64 0.1.0 4.00 34.00 38.00 OK
r-release-osx-x86_64 0.1.0 NOTE
r-oldrel-windows-ix86+x86_64 0.1.0 2.00 27.00 29.00 OK
r-oldrel-osx-x86_64 0.1.0 NOTE

Check Details

Version: 0.1.0
Check: data for non-ASCII characters
Result: NOTE
     Note: found 28 marked UTF-8 strings
Flavors: r-devel-linux-x86_64-fedora-clang, r-devel-linux-x86_64-fedora-gcc, r-patched-solaris-x86, r-release-osx-x86_64, r-oldrel-osx-x86_64