CRAN Package Check Results for Package loon

Last updated on 2019-09-19 11:47:00 CEST.

Flavor Version Tinstall Tcheck Ttotal Status Flags
r-devel-linux-x86_64-debian-clang 1.2.2 14.99 462.40 477.39 OK
r-devel-linux-x86_64-debian-gcc 1.2.2 11.39 341.10 352.49 OK
r-devel-linux-x86_64-fedora-clang 1.2.2 594.90 OK
r-devel-linux-x86_64-fedora-gcc 1.2.2 588.14 OK
r-devel-windows-ix86+x86_64 1.2.2 36.00 224.00 260.00 OK
r-patched-linux-x86_64 1.2.2 15.30 453.07 468.37 OK
r-patched-solaris-x86 1.2.2 981.50 OK
r-release-linux-x86_64 1.2.2 15.39 452.35 467.74 OK
r-release-windows-ix86+x86_64 1.2.2 19.00 305.00 324.00 OK
r-release-osx-x86_64 1.2.2 WARN
r-oldrel-windows-ix86+x86_64 1.2.2 21.00 178.00 199.00 OK
r-oldrel-osx-x86_64 1.2.2 NOTE

Check Details

Version: 1.2.2
Check: package dependencies
Result: NOTE
    Packages suggested but not available for checking:
     'graph', 'PairViz', 'Rgraphviz', 'RDRToolbox'
Flavor: r-release-osx-x86_64

Version: 1.2.2
Check: re-building of vignette outputs
Result: WARN
    Error(s) in re-building vignettes:
    --- re-building ‘Rmarkdown.Rmd’ using rmarkdown
    Warning in engine$weave(file, quiet = quiet, encoding = enc) :
     Pandoc (>= 1.12.3) and/or pandoc-citeproc not available. Falling back to R Markdown v1.
    Loading required package: tcltk
    --- finished re-building ‘Rmarkdown.Rmd’
    
    --- re-building ‘introduction.Rmd’ using rmarkdown
    Warning in engine$weave(file, quiet = quiet, encoding = enc) :
     Pandoc (>= 1.12.3) and/or pandoc-citeproc not available. Falling back to R Markdown v1.
    Loading required package: tcltk
    --- finished re-building ‘introduction.Rmd’
    
    --- re-building ‘minorities.Rmd’ using rmarkdown
    Warning in engine$weave(file, quiet = quiet, encoding = enc) :
     Pandoc (>= 1.12.3) and/or pandoc-citeproc not available. Falling back to R Markdown v1.
    Loading required package: tcltk
    Quitting from lines 687-691 (minorities.Rmd)
    Error: processing vignette 'minorities.Rmd' failed with diagnostics:
    there is no package called 'PairViz'
    --- failed re-building ‘minorities.Rmd’
    
    --- re-building ‘teaching-example-smoothing.Rmd’ using rmarkdown
    Warning in engine$weave(file, quiet = quiet, encoding = enc) :
     Pandoc (>= 1.12.3) and/or pandoc-citeproc not available. Falling back to R Markdown v1.
    Loading required package: tcltk
    --- finished re-building ‘teaching-example-smoothing.Rmd’
    
    SUMMARY: processing the following file failed:
     ‘minorities.Rmd’
    
    Error: Vignette re-building failed.
    Execution halted
Flavor: r-release-osx-x86_64

Version: 1.2.2
Check: package dependencies
Result: NOTE
    Package suggested but not available for checking: ‘RDRToolbox’
Flavor: r-oldrel-osx-x86_64