CRAN Package Check Results for Package loon

Last updated on 2020-02-21 13:47:41 CET.

Flavor Version Tinstall Tcheck Ttotal Status Flags
r-devel-linux-x86_64-debian-clang 1.2.3 17.52 489.05 506.57 NOTE
r-devel-linux-x86_64-debian-gcc 1.2.3 13.95 354.71 368.66 NOTE
r-devel-linux-x86_64-fedora-clang 1.2.3 452.88 NOTE
r-devel-linux-x86_64-fedora-gcc 1.2.3 499.12 NOTE
r-devel-windows-ix86+x86_64 1.2.3 28.00 222.00 250.00 OK
r-devel-windows-ix86+x86_64-gcc8 1.2.3 41.00 318.00 359.00 OK
r-patched-linux-x86_64 1.2.3 15.25 470.38 485.63 NOTE
r-patched-solaris-x86 1.2.3 967.70 NOTE
r-release-linux-x86_64 1.2.3 15.12 473.66 488.78 NOTE
r-release-windows-ix86+x86_64 1.2.3 26.00 248.00 274.00 OK
r-release-osx-x86_64 1.2.3 ERROR
r-oldrel-windows-ix86+x86_64 1.2.3 24.00 204.00 228.00 OK
r-oldrel-osx-x86_64 1.2.3 ERROR

Check Details

Version: 1.2.3
Check: package dependencies
Result: NOTE
    Package suggested but not available for checking: 'ElemStatLearn'
Flavors: r-devel-linux-x86_64-debian-clang, r-devel-linux-x86_64-debian-gcc, r-devel-linux-x86_64-fedora-clang, r-devel-linux-x86_64-fedora-gcc, r-patched-linux-x86_64, r-patched-solaris-x86, r-release-linux-x86_64

Version: 1.2.3
Check: package dependencies
Result: NOTE
    Package suggested but not available for checking: ‘RDRToolbox’
Flavors: r-release-osx-x86_64, r-oldrel-osx-x86_64

Version: 1.2.3
Check: whether package can be installed
Result: ERROR
    Installation failed.
Flavors: r-release-osx-x86_64, r-oldrel-osx-x86_64