Last updated on 2021-01-20 06:46:50 CET.
Flavor | Version | Tinstall | Tcheck | Ttotal | Status | Flags |
---|---|---|---|---|---|---|
r-devel-linux-x86_64-debian-clang | 1.0.0 | 2.35 | 23.84 | 26.19 | NOTE | |
r-devel-linux-x86_64-debian-gcc | 1.0.0 | 1.72 | 18.88 | 20.60 | NOTE | |
r-devel-linux-x86_64-fedora-clang | 1.0.0 | 40.75 | NOTE | |||
r-devel-linux-x86_64-fedora-gcc | 1.0.0 | 31.12 | NOTE | |||
r-devel-windows-ix86+x86_64 | 1.0.0 | 4.00 | 32.00 | 36.00 | NOTE | |
r-patched-linux-x86_64 | 1.0.0 | 2.46 | 22.96 | 25.42 | NOTE | |
r-patched-solaris-x86 | 1.0.0 | 46.40 | NOTE | |||
r-release-linux-x86_64 | 1.0.0 | 2.38 | 23.10 | 25.48 | NOTE | |
r-release-macos-x86_64 | 1.0.0 | NOTE | ||||
r-release-windows-ix86+x86_64 | 1.0.0 | 4.00 | 35.00 | 39.00 | NOTE | |
r-oldrel-macos-x86_64 | 1.0.0 | NOTE | ||||
r-oldrel-windows-ix86+x86_64 | 1.0.0 | 3.00 | 28.00 | 31.00 | NOTE |
Version: 1.0.0
Check: DESCRIPTION meta-information
Result: NOTE
Checking should be performed on sources prepared by 'R CMD build'.
Flavors: r-devel-linux-x86_64-debian-clang, r-devel-linux-x86_64-debian-gcc, r-devel-linux-x86_64-fedora-clang, r-devel-linux-x86_64-fedora-gcc, r-devel-windows-ix86+x86_64, r-patched-linux-x86_64, r-patched-solaris-x86, r-release-linux-x86_64, r-release-macos-x86_64, r-release-windows-ix86+x86_64, r-oldrel-macos-x86_64, r-oldrel-windows-ix86+x86_64
Version: 1.0.0
Check: package dependencies
Result: NOTE
Package suggested but not available for checking: 'doMC'
Flavors: r-devel-windows-ix86+x86_64, r-release-windows-ix86+x86_64, r-oldrel-windows-ix86+x86_64