CRAN Package Check Results for Package lwgeom

Last updated on 2020-01-29 13:47:49 CET.

Flavor Version Tinstall Tcheck Ttotal Status Flags
r-devel-linux-x86_64-debian-clang 0.1-7 91.19 51.78 142.97 WARN
r-devel-linux-x86_64-debian-gcc 0.1-7 55.36 40.42 95.78 WARN
r-devel-linux-x86_64-fedora-clang 0.1-7 199.14 WARN
r-devel-linux-x86_64-fedora-gcc 0.1-7 176.93 WARN
r-devel-windows-ix86+x86_64 0.1-7 231.00 157.00 388.00 NOTE
r-devel-windows-ix86+x86_64-gcc8 0.1-7 299.00 140.00 439.00 WARN
r-patched-linux-x86_64 0.1-7 OK
r-patched-solaris-x86 0.1-7 186.00 OK
r-release-linux-x86_64 0.1-7 59.88 46.92 106.80 OK
r-release-windows-ix86+x86_64 0.1-7 230.00 119.00 349.00 NOTE
r-release-osx-x86_64 0.1-7 NOTE
r-oldrel-windows-ix86+x86_64 0.1-7 287.00 107.00 394.00 NOTE
r-oldrel-osx-x86_64 0.1-7 NOTE

Check Details

Version: 0.1-7
Check: whether package can be installed
Result: WARN
    Found the following significant warnings:
     'config' variable 'CPP' is deprecated
Flavors: r-devel-linux-x86_64-debian-clang, r-devel-linux-x86_64-debian-gcc, r-devel-linux-x86_64-fedora-clang, r-devel-linux-x86_64-fedora-gcc

Version: 0.1-7
Check: installed package size
Result: NOTE
     installed size is 10.3Mb
     sub-directories of 1Mb or more:
     libs 5.2Mb
     proj 5.0Mb
Flavors: r-devel-windows-ix86+x86_64, r-devel-windows-ix86+x86_64-gcc8, r-release-windows-ix86+x86_64, r-release-osx-x86_64, r-oldrel-windows-ix86+x86_64, r-oldrel-osx-x86_64

Version: 0.1-7
Check: whether package can be installed
Result: WARN
    Found the following significant warnings:
     liblwgeom/lwgeom_topo.c:4485:36: warning: too many arguments for format [-Wformat-extra-args]
     liblwgeom/lwgeom_topo.c:4536:38: warning: too many arguments for format [-Wformat-extra-args]
Flavor: r-devel-windows-ix86+x86_64-gcc8