CRAN Package Check Results for Package lwgeom

Last updated on 2019-08-23 13:46:56 CEST.

Flavor Version Tinstall Tcheck Ttotal Status Flags
r-devel-linux-x86_64-debian-clang 0.1-7 75.82 46.62 122.44 OK
r-devel-linux-x86_64-debian-gcc 0.1-7 OK
r-devel-linux-x86_64-fedora-clang 0.1-7 187.72 OK
r-devel-linux-x86_64-fedora-gcc 0.1-7 169.30 OK
r-devel-windows-ix86+x86_64 0.1-7 228.00 156.00 384.00 NOTE
r-patched-linux-x86_64 0.1-7 63.47 46.50 109.97 OK
r-patched-solaris-x86 0.1-7 181.10 OK
r-release-linux-x86_64 0.1-7 60.96 46.12 107.08 OK
r-release-windows-ix86+x86_64 0.1-7 317.00 170.00 487.00 NOTE
r-release-osx-x86_64 0.1-7 NOTE
r-oldrel-windows-ix86+x86_64 0.1-7 306.00 150.00 456.00 NOTE
r-oldrel-osx-x86_64 0.1-7 NOTE

Check Details

Version: 0.1-7
Check: installed package size
Result: NOTE
     installed size is 10.3Mb
     sub-directories of 1Mb or more:
     libs 5.2Mb
     proj 5.0Mb
Flavors: r-devel-windows-ix86+x86_64, r-release-windows-ix86+x86_64, r-release-osx-x86_64, r-oldrel-windows-ix86+x86_64, r-oldrel-osx-x86_64