CRAN Package Check Results for Package lwgeom

Last updated on 2021-04-11 06:47:03 CEST.

Flavor Version Tinstall Tcheck Ttotal Status Flags
r-devel-linux-x86_64-debian-clang 0.2-6 95.81 69.41 165.22 OK
r-devel-linux-x86_64-debian-gcc 0.2-6 68.13 50.92 119.05 OK
r-devel-linux-x86_64-fedora-clang 0.2-6 223.05 OK
r-devel-linux-x86_64-fedora-gcc 0.2-6 211.45 OK
r-devel-windows-ix86+x86_64 0.2-6 299.00 203.00 502.00 NOTE
r-devel-windows-x86_64-gcc10-UCRT 0.2-6 OK
r-patched-linux-x86_64 0.2-6 82.03 63.96 145.99 OK
r-patched-solaris-x86 0.2-6 227.80 OK
r-release-linux-x86_64 0.2-6 83.03 63.55 146.58 OK
r-release-macos-x86_64 0.2-6 NOTE
r-release-windows-ix86+x86_64 0.2-6 237.00 170.00 407.00 NOTE
r-oldrel-macos-x86_64 0.2-6 NOTE
r-oldrel-windows-ix86+x86_64 0.2-6 294.00 222.00 516.00 NOTE

Check Details

Version: 0.2-6
Check: installed package size
Result: NOTE
     installed size is 22.4Mb
     sub-directories of 1Mb or more:
     libs 22.3Mb
Flavors: r-devel-windows-ix86+x86_64, r-release-macos-x86_64, r-release-windows-ix86+x86_64, r-oldrel-macos-x86_64, r-oldrel-windows-ix86+x86_64