CRAN Package Check Results for Package m2b

Last updated on 2019-11-22 07:55:27 CET.

Flavor Version Tinstall Tcheck Ttotal Status Flags
r-devel-linux-x86_64-debian-clang 1.0 OK
r-devel-linux-x86_64-debian-gcc 1.0 4.25 58.80 63.05 OK
r-devel-linux-x86_64-fedora-clang 1.0 99.14 NOTE
r-devel-linux-x86_64-fedora-gcc 1.0 97.67 NOTE
r-devel-windows-ix86+x86_64 1.0 26.00 115.00 141.00 OK
r-devel-windows-ix86+x86_64-gcc8 1.0 21.00 86.00 107.00 OK
r-patched-linux-x86_64 1.0 4.80 69.49 74.29 OK
r-patched-solaris-x86 1.0 134.20 NOTE
r-release-linux-x86_64 1.0 4.73 70.69 75.42 OK
r-release-windows-ix86+x86_64 1.0 22.00 123.00 145.00 OK
r-release-osx-x86_64 1.0 NOTE
r-oldrel-windows-ix86+x86_64 1.0 8.00 120.00 128.00 OK
r-oldrel-osx-x86_64 1.0 NOTE

Check Details

Version: 1.0
Check: dependencies in R code
Result: NOTE
    Namespaces in Imports field not imported from:
     ‘e1071’ ‘utils’
     All declared Imports should be used.
Flavors: r-devel-linux-x86_64-fedora-clang, r-devel-linux-x86_64-fedora-gcc, r-patched-solaris-x86, r-release-osx-x86_64, r-oldrel-osx-x86_64